CRAN Package Check Results for Package MMDai

Last updated on 2025-05-07 12:50:28 CEST.

Flavor Version Tinstall Tcheck Ttotal Status Flags
r-devel-linux-x86_64-debian-clang 2.0.0 1.78 19.72 21.50 NOTE
r-devel-linux-x86_64-debian-gcc 2.0.0 1.43 16.03 17.46 NOTE
r-devel-linux-x86_64-fedora-clang 2.0.0 33.40 OK
r-devel-linux-x86_64-fedora-gcc 2.0.0 32.11 OK
r-devel-windows-x86_64 2.0.0 3.00 41.00 44.00 OK
r-patched-linux-x86_64 2.0.0 1.85 19.17 21.02 OK
r-release-linux-x86_64 2.0.0 1.73 19.11 20.84 OK
r-release-macos-arm64 2.0.0 16.00 OK
r-release-macos-x86_64 2.0.0 26.00 OK
r-release-windows-x86_64 2.0.0 4.00 42.00 46.00 OK
r-oldrel-macos-arm64 2.0.0 14.00 OK
r-oldrel-macos-x86_64 2.0.0 23.00 OK
r-oldrel-windows-x86_64 2.0.0 3.00 40.00 43.00 OK

Check Details

Version: 2.0.0
Check: CRAN incoming feasibility
Result: NOTE Maintainer: ‘Chaojie Wang <wang910930@163.com>’ No Authors@R field in DESCRIPTION. Please add one, modifying Authors@R: person(given = "Chaojie", family = "Wang", role = c("aut", "cre"), email = "wang910930@163.com") as necessary. Flavors: r-devel-linux-x86_64-debian-clang, r-devel-linux-x86_64-debian-gcc