CRAN Package Check Results for Package MPGE

Last updated on 2025-05-03 12:54:47 CEST.

Flavor Version Tinstall Tcheck Ttotal Status Flags
r-devel-linux-x86_64-debian-clang 1.0.0 2.23 27.21 29.44 NOTE
r-devel-linux-x86_64-debian-gcc 1.0.0 1.67 22.22 23.89 NOTE
r-devel-linux-x86_64-fedora-clang 1.0.0 45.60 NOTE
r-devel-linux-x86_64-fedora-gcc 1.0.0 58.31 NOTE
r-devel-windows-x86_64 1.0.0 5.00 48.00 53.00 NOTE
r-patched-linux-x86_64 1.0.0 2.10 24.95 27.05 NOTE
r-release-linux-x86_64 NOTE
r-release-macos-arm64 1.0.0 30.00 NOTE
r-release-macos-x86_64 1.0.0 51.00 NOTE
r-release-windows-x86_64 1.0.0 4.00 49.00 53.00 NOTE
r-oldrel-macos-arm64 1.0.0 24.00 NOTE
r-oldrel-macos-x86_64 1.0.0 35.00 NOTE
r-oldrel-windows-x86_64 1.0.0 4.00 54.00 58.00 NOTE

Check Details

Version: 1.0.0
Check: Rd files
Result: NOTE checkRd: (-1) genotype_data.Rd:7: Escaped LaTeX specials: \_ checkRd: (-1) genotype_data.Rd:18: Escaped LaTeX specials: \_ checkRd: (-1) phenotype_data.Rd:15: Escaped LaTeX specials: \_ Flavors: r-devel-linux-x86_64-debian-clang, r-devel-linux-x86_64-debian-gcc, r-devel-linux-x86_64-fedora-clang, r-devel-linux-x86_64-fedora-gcc, r-devel-windows-x86_64, r-patched-linux-x86_64, r-release-linux-x86_64, r-release-macos-arm64, r-release-macos-x86_64, r-release-windows-x86_64, r-oldrel-macos-arm64, r-oldrel-macos-x86_64, r-oldrel-windows-x86_64