Last updated on 2025-05-03 21:51:24 CEST.
Flavor | Version | Tinstall | Tcheck | Ttotal | Status | Flags |
---|---|---|---|---|---|---|
r-devel-linux-x86_64-debian-clang | 0.1.5 | 121.98 | 81.27 | 203.25 | NOTE | |
r-devel-linux-x86_64-debian-gcc | 0.1.5 | 89.65 | 55.03 | 144.68 | OK | |
r-devel-linux-x86_64-fedora-clang | 0.1.5 | 310.38 | OK | |||
r-devel-linux-x86_64-fedora-gcc | 0.1.5 | 394.70 | OK | |||
r-devel-windows-x86_64 | 0.1.5 | 125.00 | 140.00 | 265.00 | OK | |
r-patched-linux-x86_64 | 0.1.5 | 126.45 | 70.71 | 197.16 | OK | |
r-release-linux-x86_64 | OK | |||||
r-release-macos-arm64 | 0.1.5 | 78.00 | OK | |||
r-release-macos-x86_64 | 0.1.5 | 126.00 | OK | |||
r-release-windows-x86_64 | 0.1.5 | 123.00 | 141.00 | 264.00 | OK | |
r-oldrel-macos-arm64 | 0.1.5 | 75.00 | NOTE | |||
r-oldrel-macos-x86_64 | 0.1.5 | 151.00 | NOTE | |||
r-oldrel-windows-x86_64 | 0.1.5 | 146.00 | 166.00 | 312.00 | OK |
Version: 0.1.5
Check: examples
Result: NOTE
Examples with CPU time > 2.5 times elapsed time
user system elapsed ratio
VARXmdl 3.337 0.176 1.394 2.52
Flavor: r-devel-linux-x86_64-debian-clang
Version: 0.1.5
Check: installed package size
Result: NOTE
installed size is 18.2Mb
sub-directories of 1Mb or more:
libs 17.0Mb
Flavors: r-oldrel-macos-arm64, r-oldrel-macos-x86_64