Last updated on 2025-05-04 03:50:59 CEST.
Flavor | Version | Tinstall | Tcheck | Ttotal | Status | Flags |
---|---|---|---|---|---|---|
r-devel-linux-x86_64-debian-clang | 1.2 | 9.00 | 73.43 | 82.43 | NOTE | |
r-devel-linux-x86_64-debian-gcc | 1.2.1 | 6.62 | 54.13 | 60.75 | OK | |
r-devel-linux-x86_64-fedora-clang | 1.2.1 | 133.08 | OK | |||
r-devel-linux-x86_64-fedora-gcc | 1.2.1 | 123.44 | OK | |||
r-devel-windows-x86_64 | 1.2.1 | 12.00 | 98.00 | 110.00 | OK | |
r-patched-linux-x86_64 | 1.2.1 | 8.61 | 69.57 | 78.18 | OK | |
r-release-linux-x86_64 | OK | |||||
r-release-macos-arm64 | 1.2.1 | 40.00 | OK | |||
r-release-macos-x86_64 | 1.2.1 | 94.00 | OK | |||
r-release-windows-x86_64 | 1.2.1 | 11.00 | 82.00 | 93.00 | OK | |
r-oldrel-macos-arm64 | 1.2.1 | 43.00 | OK | |||
r-oldrel-macos-x86_64 | 1.2.1 | 105.00 | OK | |||
r-oldrel-windows-x86_64 | 1.2.1 | 12.00 | 101.00 | 113.00 | OK |
Version: 1.2
Check: CRAN incoming feasibility
Result: NOTE
Maintainer: ‘Shaobo Li <shaobo.li@ku.edu>’
The Description field contains
Qin, et al., (2017) <arxiv:1708.05439>, least absolute deviance
Please refer to arXiv e-prints via their arXiv DOI <doi:10.48550/arXiv.YYMM.NNNNN>.
The URL field contains the following bad parts:
GitHub:
The URL field should be a list of URLs separated by commas or
whitespace.
Flavor: r-devel-linux-x86_64-debian-clang