Last updated on 2025-05-03 21:51:23 CEST.
Flavor | Version | Tinstall | Tcheck | Ttotal | Status | Flags |
---|---|---|---|---|---|---|
r-devel-linux-x86_64-debian-clang | 2.0.0 | 13.44 | 114.05 | 127.49 | NOTE | |
r-devel-linux-x86_64-debian-gcc | 2.0.0 | 10.66 | 81.98 | 92.64 | NOTE | |
r-devel-linux-x86_64-fedora-clang | 2.0.0 | 213.05 | OK | |||
r-devel-linux-x86_64-fedora-gcc | 2.0.0 | 198.08 | OK | |||
r-devel-windows-x86_64 | 2.0.0 | 14.00 | 110.00 | 124.00 | OK | |
r-patched-linux-x86_64 | 2.0.0 | 12.87 | 105.86 | 118.73 | OK | |
r-release-linux-x86_64 | OK | |||||
r-release-macos-arm64 | 2.0.0 | 50.00 | OK | |||
r-release-macos-x86_64 | 2.0.0 | 130.00 | OK | |||
r-release-windows-x86_64 | 2.0.0 | 14.00 | 109.00 | 123.00 | OK | |
r-oldrel-macos-arm64 | 2.0.0 | 50.00 | OK | |||
r-oldrel-macos-x86_64 | 2.0.0 | 128.00 | OK | |||
r-oldrel-windows-x86_64 | 2.0.0 | 18.00 | 138.00 | 156.00 | OK |
Version: 2.0.0
Check: CRAN incoming feasibility
Result: NOTE
Maintainer: ‘Zhenyu Wang <zw425@stat.rutgers.edu>’
No Authors@R field in DESCRIPTION.
Please add one, modifying
Authors@R: c(person(given = c("Zhenyu", "Wang;", "Zijian"),
family = "Guo",
role = "aut"),
person(given = "Zhenyu",
family = "Wang",
role = "cre",
email = "zw425@stat.rutgers.edu"))
as necessary.
The Description field contains
shift maximin effect, which was proposed in <arXiv:2011.07568>. It
Please refer to arXiv e-prints via their arXiv DOI <doi:10.48550/arXiv.YYMM.NNNNN>.
Flavors: r-devel-linux-x86_64-debian-clang, r-devel-linux-x86_64-debian-gcc