Last updated on 2025-05-03 12:54:47 CEST.
Flavor | Version | Tinstall | Tcheck | Ttotal | Status | Flags |
---|---|---|---|---|---|---|
r-devel-linux-x86_64-debian-clang | 1.0.1 | 2.27 | 32.40 | 34.67 | NOTE | |
r-devel-linux-x86_64-debian-gcc | 1.0.1 | 1.88 | 24.29 | 26.17 | NOTE | |
r-devel-linux-x86_64-fedora-clang | 1.0.1 | 56.20 | NOTE | |||
r-devel-linux-x86_64-fedora-gcc | 1.0.1 | 74.09 | NOTE | |||
r-devel-windows-x86_64 | 1.0.1 | 4.00 | 55.00 | 59.00 | OK | |
r-patched-linux-x86_64 | 1.0.1 | 2.49 | 31.32 | 33.81 | NOTE | |
r-release-linux-x86_64 | NOTE | |||||
r-release-macos-arm64 | 1.0.1 | 64.00 | OK | |||
r-release-macos-x86_64 | 1.0.1 | 50.00 | OK | |||
r-release-windows-x86_64 | 1.0.1 | 4.00 | 56.00 | 60.00 | OK | |
r-oldrel-macos-arm64 | 1.0.1 | 27.00 | OK | |||
r-oldrel-macos-x86_64 | 1.0.1 | 40.00 | OK | |||
r-oldrel-windows-x86_64 | 1.0.1 | 5.00 | 67.00 | 72.00 | OK |
Version: 1.0.1
Check: CRAN incoming feasibility
Result: NOTE
Maintainer: ‘Mark Chaffin <mac8278@mail.harvard.edu>’
No Authors@R field in DESCRIPTION.
Please add one, modifying
Authors@R: person(given = "Mark",
family = "Chaffin",
role = c("aut", "cre"),
email = "mac8278@mail.harvard.edu")
as necessary.
Flavors: r-devel-linux-x86_64-debian-clang, r-devel-linux-x86_64-debian-gcc
Version: 1.0.1
Check: for non-standard things in the check directory
Result: NOTE
Found the following files/directories:
‘MetProc_output.pdf’ ‘sample_removed.csv’ ‘sample_retained.csv’
Flavors: r-devel-linux-x86_64-debian-clang, r-devel-linux-x86_64-debian-gcc, r-devel-linux-x86_64-fedora-clang, r-devel-linux-x86_64-fedora-gcc, r-patched-linux-x86_64, r-release-linux-x86_64