Last updated on 2024-06-17 06:50:23 CEST.
Flavor | Version | Tinstall | Tcheck | Ttotal | Status | Flags |
---|---|---|---|---|---|---|
r-devel-linux-x86_64-debian-clang | 1.1.2 | 8.56 | 70.67 | 79.23 | NOTE | |
r-devel-linux-x86_64-debian-gcc | 1.1.2 | 5.84 | 53.78 | 59.62 | NOTE | |
r-devel-linux-x86_64-fedora-clang | 1.1.2 | 102.19 | NOTE | |||
r-devel-linux-x86_64-fedora-gcc | 1.1.2 | 94.87 | NOTE | |||
r-devel-windows-x86_64 | 1.1.2 | 7.00 | 68.00 | 75.00 | NOTE | |
r-patched-linux-x86_64 | 1.1.2 | 7.00 | 70.02 | 77.02 | NOTE | |
r-release-linux-x86_64 | 1.1.2 | 4.87 | 69.81 | 74.68 | NOTE | |
r-release-macos-arm64 | 1.1.2 | 28.00 | NOTE | |||
r-release-macos-x86_64 | 1.1.2 | 45.00 | NOTE | |||
r-release-windows-x86_64 | 1.1.2 | 7.00 | 72.00 | 79.00 | NOTE | |
r-oldrel-macos-arm64 | 1.1.2 | 40.00 | NOTE | |||
r-oldrel-macos-x86_64 | 1.1.2 | 45.00 | NOTE | |||
r-oldrel-windows-x86_64 | 1.1.2 | 8.00 | 83.00 | 91.00 | NOTE |
Version: 1.1.2
Check: LazyData
Result: NOTE
'LazyData' is specified without a 'data' directory
Flavors: r-devel-linux-x86_64-debian-clang, r-devel-linux-x86_64-debian-gcc, r-devel-linux-x86_64-fedora-clang, r-devel-linux-x86_64-fedora-gcc, r-devel-windows-x86_64, r-patched-linux-x86_64, r-release-linux-x86_64, r-release-macos-arm64, r-release-macos-x86_64, r-release-windows-x86_64, r-oldrel-macos-arm64, r-oldrel-macos-x86_64, r-oldrel-windows-x86_64