Last updated on 2025-07-22 06:49:28 CEST.
Flavor | Version | Tinstall | Tcheck | Ttotal | Status | Flags |
---|---|---|---|---|---|---|
r-devel-linux-x86_64-debian-clang | 1.60 | 3.16 | 22.01 | 25.17 | NOTE | |
r-devel-linux-x86_64-debian-gcc | 1.60 | 2.20 | 17.42 | 19.62 | NOTE | |
r-devel-linux-x86_64-fedora-clang | 1.60 | 39.11 | OK | |||
r-devel-linux-x86_64-fedora-gcc | 1.60 | 38.61 | OK | |||
r-devel-windows-x86_64 | 1.60 | 3.00 | 38.00 | 41.00 | OK | |
r-patched-linux-x86_64 | 1.60 | 3.23 | 20.83 | 24.06 | OK | |
r-release-linux-x86_64 | 1.60 | 2.58 | 20.66 | 23.24 | OK | |
r-release-macos-arm64 | 1.60 | 14.00 | OK | |||
r-release-macos-x86_64 | 1.60 | 27.00 | OK | |||
r-release-windows-x86_64 | 1.60 | 4.00 | 38.00 | 42.00 | OK | |
r-oldrel-macos-arm64 | 1.60 | 15.00 | OK | |||
r-oldrel-macos-x86_64 | 1.60 | 24.00 | OK | |||
r-oldrel-windows-x86_64 | 1.60 | 3.00 | 38.00 | 41.00 | OK |
Version: 1.60
Check: CRAN incoming feasibility
Result: NOTE
Maintainer: ‘Ilja M. Nolte <i.m.nolte@umcg.nl>’
No Authors@R field in DESCRIPTION.
Please add one, modifying
Authors@R: person(given = c("Ilja", "M."),
family = "Nolte",
role = c("aut", "cre"),
email = "i.m.nolte@umcg.nl")
as necessary.
Flavors: r-devel-linux-x86_64-debian-clang, r-devel-linux-x86_64-debian-gcc