CRAN Package Check Results for Package MixOptim

Last updated on 2025-10-08 12:49:47 CEST.

Flavor Version Tinstall Tcheck Ttotal Status Flags
r-devel-linux-x86_64-debian-clang 0.1.2 6.03 206.18 212.21 NOTE
r-devel-linux-x86_64-debian-gcc 0.1.2 3.98 121.06 125.04 NOTE
r-devel-linux-x86_64-fedora-clang 0.1.2 339.73 NOTE
r-devel-linux-x86_64-fedora-gcc 0.1.2 351.78 NOTE
r-devel-windows-x86_64 0.1.2 8.00 185.00 193.00 OK
r-patched-linux-x86_64 0.1.2 5.14 199.01 204.15 OK
r-release-linux-x86_64 0.1.2 5.49 194.50 199.99 OK
r-release-macos-arm64 0.1.2 74.00 OK
r-release-macos-x86_64 0.1.2 177.00 OK
r-release-windows-x86_64 0.1.2 8.00 181.00 189.00 OK
r-oldrel-macos-arm64 0.1.2 73.00 NOTE
r-oldrel-macos-x86_64 0.1.2 128.00 NOTE
r-oldrel-windows-x86_64 0.1.2 10.00 264.00 274.00 NOTE

Check Details

Version: 0.1.2
Check: CRAN incoming feasibility
Result: NOTE Maintainer: ‘Cassandro Davi Emer <cde@actisys.org>’ No Authors@R field in DESCRIPTION. Please add one, modifying Authors@R: person(given = c("Cassandro", "Davi"), family = "Emer", role = c("aut", "cre"), email = "cde@actisys.org") as necessary. Flavors: r-devel-linux-x86_64-debian-clang, r-devel-linux-x86_64-debian-gcc

Version: 0.1.2
Check: dependencies in R code
Result: NOTE Namespace in Imports field not imported from: ‘rlang’ All declared Imports should be used. Flavors: r-devel-linux-x86_64-fedora-clang, r-devel-linux-x86_64-fedora-gcc

Version: 0.1.2
Check: LazyData
Result: NOTE 'LazyData' is specified without a 'data' directory Flavors: r-oldrel-macos-arm64, r-oldrel-macos-x86_64, r-oldrel-windows-x86_64