Last updated on 2025-05-03 21:51:24 CEST.
Flavor | Version | Tinstall | Tcheck | Ttotal | Status | Flags |
---|---|---|---|---|---|---|
r-devel-linux-x86_64-debian-clang | 1.4.5 | 12.50 | 107.66 | 120.16 | NOTE | |
r-devel-linux-x86_64-debian-gcc | 1.4.5 | 10.01 | 80.31 | 90.32 | NOTE | |
r-devel-linux-x86_64-fedora-clang | 1.4.5 | 192.49 | OK | |||
r-devel-linux-x86_64-fedora-gcc | 1.4.5 | 180.60 | OK | |||
r-devel-windows-x86_64 | 1.4.5 | 16.00 | 111.00 | 127.00 | NOTE | |
r-patched-linux-x86_64 | 1.4.5 | 13.60 | 101.32 | 114.92 | NOTE | |
r-release-linux-x86_64 | NOTE | |||||
r-release-macos-arm64 | 1.4.5 | 63.00 | OK | |||
r-release-macos-x86_64 | 1.4.5 | 105.00 | OK | |||
r-release-windows-x86_64 | 1.4.5 | 15.00 | 111.00 | 126.00 | NOTE | |
r-oldrel-macos-arm64 | 1.4.5 | 50.00 | OK | |||
r-oldrel-macos-x86_64 | 1.4.5 | 84.00 | OK | |||
r-oldrel-windows-x86_64 | 1.4.5 | 20.00 | 141.00 | 161.00 | OK |
Version: 1.4.5
Check: Rd cross-references
Result: NOTE
Found the following Rd file(s) with Rd \link{} targets missing package
anchors:
ring_detect.Rd: ringBorders, measuRing
Please provide package anchors for all Rd \link{} targets not in the
package itself and the base packages.
Flavors: r-devel-linux-x86_64-debian-clang, r-devel-linux-x86_64-debian-gcc, r-devel-windows-x86_64, r-patched-linux-x86_64, r-release-linux-x86_64, r-release-windows-x86_64