Last updated on 2025-05-05 21:51:11 CEST.
Flavor | Version | Tinstall | Tcheck | Ttotal | Status | Flags |
---|---|---|---|---|---|---|
r-devel-linux-x86_64-debian-clang | 1.3.2 | 2.26 | 25.50 | 27.76 | NOTE | |
r-devel-linux-x86_64-debian-gcc | 1.3.2 | 1.56 | 20.51 | 22.07 | NOTE | |
r-devel-linux-x86_64-fedora-clang | 1.3.2 | 42.50 | OK | |||
r-devel-linux-x86_64-fedora-gcc | 1.3.2 | 42.21 | OK | |||
r-devel-windows-x86_64 | 1.3.2 | 3.00 | 46.00 | 49.00 | OK | |
r-patched-linux-x86_64 | 1.3.2 | 2.49 | 24.65 | 27.14 | OK | |
r-release-linux-x86_64 | 1.3.2 | 2.03 | 24.27 | 26.30 | OK | |
r-release-macos-arm64 | 1.3.2 | 21.00 | OK | |||
r-release-macos-x86_64 | 1.3.2 | 32.00 | OK | |||
r-release-windows-x86_64 | 1.3.2 | 3.00 | 46.00 | 49.00 | OK | |
r-oldrel-macos-arm64 | 1.3.2 | 17.00 | OK | |||
r-oldrel-macos-x86_64 | 1.3.2 | 24.00 | OK | |||
r-oldrel-windows-x86_64 | 1.3.2 | 4.00 | 52.00 | 56.00 | OK |
Version: 1.3.2
Check: CRAN incoming feasibility
Result: NOTE
Maintainer: ‘Mohit Dayal <mohitdayal2000@gmail.com>’
No Authors@R field in DESCRIPTION.
Please add one, modifying
Authors@R: person(given = "Mohit",
family = "Dayal",
role = c("aut", "cre"),
email = "mohitdayal2000@gmail.com")
as necessary.
Flavors: r-devel-linux-x86_64-debian-clang, r-devel-linux-x86_64-debian-gcc