CRAN Package Check Results for Package MultiBD

Last updated on 2025-05-03 21:51:24 CEST.

Flavor Version Tinstall Tcheck Ttotal Status Flags
r-devel-linux-x86_64-debian-clang 0.2.0 54.35 116.99 171.34 NOTE
r-devel-linux-x86_64-debian-gcc 0.2.0 39.22 84.29 123.51 NOTE
r-devel-linux-x86_64-fedora-clang 0.2.0 290.87 NOTE
r-devel-linux-x86_64-fedora-gcc 0.2.0 332.05 NOTE
r-devel-windows-x86_64 0.2.0 63.00 142.00 205.00 NOTE
r-patched-linux-x86_64 0.2.0 53.48 112.31 165.79 NOTE
r-release-linux-x86_64 NOTE
r-release-macos-arm64 0.2.0 91.00 NOTE
r-release-macos-x86_64 0.2.0 187.00 NOTE
r-release-windows-x86_64 0.2.0 65.00 150.00 215.00 NOTE
r-oldrel-macos-arm64 0.2.0 48.00 NOTE
r-oldrel-macos-x86_64 0.2.0 72.00 NOTE
r-oldrel-windows-x86_64 0.2.0 57.00 173.00 230.00 NOTE

Additional issues

Intel

Check Details

Version: 0.2.0
Check: CRAN incoming feasibility
Result: NOTE Maintainer: ‘Marc A. Suchard <msuchard@ucla.edu>’ No Authors@R field in DESCRIPTION. Please add one, modifying Authors@R: c(person(given = c("Lam", "S.T."), family = "Ho", role = c("aut", "cre")), person(given = c("Marc", "A."), family = "Suchard", role = c("aut", "cre"), email = "msuchard@ucla.edu"), person(given = c("Forrest", "W."), family = "Crawford", role = "aut"), person(given = "Jason", family = "Xu", role = "ctb"), person(given = c("Vladimir", "N."), family = "Minin", role = "ctb")) as necessary. Flavors: r-devel-linux-x86_64-debian-clang, r-devel-linux-x86_64-debian-gcc

Version: 0.2.0
Check: C++ specification
Result: NOTE Specified C++11: please drop specification unless essential Flavors: r-devel-linux-x86_64-debian-clang, r-devel-linux-x86_64-debian-gcc, r-devel-linux-x86_64-fedora-clang, r-devel-linux-x86_64-fedora-gcc, r-devel-windows-x86_64, r-patched-linux-x86_64, r-release-linux-x86_64, r-release-macos-arm64, r-release-macos-x86_64, r-release-windows-x86_64, r-oldrel-macos-arm64, r-oldrel-macos-x86_64, r-oldrel-windows-x86_64

Version: 0.2.0
Check: compiled code
Result: NOTE File ‘MultiBD/libs/MultiBD.so’: Found no calls to: ‘R_registerRoutines’, ‘R_useDynamicSymbols’ It is good practice to register native routines and to disable symbol search. See ‘Writing portable packages’ in the ‘Writing R Extensions’ manual. Flavors: r-devel-linux-x86_64-fedora-clang, r-devel-linux-x86_64-fedora-gcc

Version: 0.2.0
Check: installed package size
Result: NOTE installed size is 6.1Mb sub-directories of 1Mb or more: libs 4.5Mb Flavors: r-oldrel-macos-arm64, r-oldrel-macos-x86_64