CRAN Package Check Results for Package NCutYX

Last updated on 2025-05-03 21:51:25 CEST.

Flavor Version Tinstall Tcheck Ttotal Status Flags
r-devel-linux-x86_64-debian-clang 0.1.0 21.51 62.63 84.14 NOTE
r-devel-linux-x86_64-debian-gcc 0.1.0 17.47 44.62 62.09 NOTE
r-devel-linux-x86_64-fedora-clang 0.1.0 136.52 NOTE
r-devel-linux-x86_64-fedora-gcc 0.1.0 157.59 NOTE
r-devel-windows-x86_64 0.1.0 27.00 95.00 122.00 OK
r-patched-linux-x86_64 0.1.0 23.82 60.13 83.95 OK
r-release-linux-x86_64 OK
r-release-macos-arm64 0.1.0 50.00 OK
r-release-macos-x86_64 0.1.0 89.00 OK
r-release-windows-x86_64 0.1.0 30.00 99.00 129.00 OK
r-oldrel-macos-arm64 0.1.0 46.00 NOTE
r-oldrel-macos-x86_64 0.1.0 68.00 NOTE
r-oldrel-windows-x86_64 0.1.0 31.00 117.00 148.00 OK

Check Details

Version: 0.1.0
Check: CRAN incoming feasibility
Result: NOTE Maintainer: ‘Sebastian J. Teran Hidalgo <sebastianteranhidalgo@gmail.com>’ No Authors@R field in DESCRIPTION. Please add one, modifying Authors@R: c(person(given = c("Sebastian", "J.", "Teran"), family = "Hidalgo", role = c("aut", "cre"), email = "sebastianteranhidalgo@gmail.com"), person(given = "Shuangge", family = "Ma", role = "aut"), person(given = "Ruofan", family = "Bie", role = "aut")) as necessary. Found the following (possibly) invalid file URIs: URI: sebastianteranhidalgo@gmail.com From: man/ancut.Rd URI: sebastianteranhidalgo@gmail.com From: man/awncut.Rd URI: sebastianteranhidalgo@gmail.com From: man/ncut.Rd URI: commits/master From: README.md URI: /commits/master From: README.md Flavors: r-devel-linux-x86_64-debian-clang, r-devel-linux-x86_64-debian-gcc

Version: 0.1.0
Check: dependencies in R code
Result: NOTE Namespaces in Imports field not imported from: ‘MASS’ ‘fields’ ‘mvtnorm’ All declared Imports should be used. Flavors: r-devel-linux-x86_64-fedora-clang, r-devel-linux-x86_64-fedora-gcc

Version: 0.1.0
Check: installed package size
Result: NOTE installed size is 6.8Mb sub-directories of 1Mb or more: data 1.5Mb libs 4.4Mb Flavors: r-oldrel-macos-arm64, r-oldrel-macos-x86_64