Last updated on 2025-05-03 21:51:25 CEST.
Flavor | Version | Tinstall | Tcheck | Ttotal | Status | Flags |
---|---|---|---|---|---|---|
r-devel-linux-x86_64-debian-clang | 0.29.11 | 5.52 | 69.19 | 74.71 | NOTE | |
r-devel-linux-x86_64-debian-gcc | 0.29.11 | 5.11 | 48.65 | 53.76 | NOTE | |
r-devel-linux-x86_64-fedora-clang | 0.29.11 | 120.33 | NOTE | |||
r-devel-linux-x86_64-fedora-gcc | 0.29.11 | 132.12 | NOTE | |||
r-devel-windows-x86_64 | 0.29.11 | 8.00 | 82.00 | 90.00 | NOTE | |
r-patched-linux-x86_64 | 0.29.11 | 7.59 | 65.76 | 73.35 | NOTE | |
r-release-linux-x86_64 | NOTE | |||||
r-release-macos-arm64 | 0.29.11 | 59.00 | NOTE | |||
r-release-macos-x86_64 | 0.29.11 | 89.00 | NOTE | |||
r-release-windows-x86_64 | 0.29.11 | 9.00 | 82.00 | 91.00 | NOTE | |
r-oldrel-macos-arm64 | 0.29.11 | 39.00 | NOTE | |||
r-oldrel-macos-x86_64 | 0.29.11 | 62.00 | NOTE | |||
r-oldrel-windows-x86_64 | 0.29.11 | 11.00 | 98.00 | 109.00 | NOTE |
Version: 0.29.11
Check: CRAN incoming feasibility
Result: NOTE
Maintainer: ‘Roger Day <day01@pitt.edu>’
No Authors@R field in DESCRIPTION.
Please add one, modifying
Authors@R: person(given = "Roger",
family = "Day",
role = c("aut", "cre"),
email = "day01@pitt.edu")
as necessary.
Flavors: r-devel-linux-x86_64-debian-clang, r-devel-linux-x86_64-debian-gcc
Version: 0.29.11
Check: Rd files
Result: NOTE
checkRd: (-1) ROCplots.Rd:35: Lost braces in \itemize; meant \describe ?
checkRd: (-1) ROCplots.Rd:36: Lost braces in \itemize; meant \describe ?
checkRd: (-1) ROCplots.Rd:37: Lost braces in \itemize; meant \describe ?
checkRd: (-1) ROCplots.Rd:38: Lost braces in \itemize; meant \describe ?
checkRd: (-1) ROCplots.Rd:39: Lost braces in \itemize; meant \describe ?
checkRd: (-1) ROCplots.Rd:40: Lost braces in \itemize; meant \describe ?
Flavors: r-devel-linux-x86_64-debian-clang, r-devel-linux-x86_64-debian-gcc, r-devel-linux-x86_64-fedora-clang, r-devel-linux-x86_64-fedora-gcc, r-devel-windows-x86_64, r-patched-linux-x86_64, r-release-linux-x86_64, r-release-macos-arm64, r-release-macos-x86_64, r-release-windows-x86_64, r-oldrel-macos-arm64, r-oldrel-macos-x86_64, r-oldrel-windows-x86_64