Last updated on 2025-05-07 06:49:56 CEST.
Flavor | Version | Tinstall | Tcheck | Ttotal | Status | Flags |
---|---|---|---|---|---|---|
r-devel-linux-x86_64-debian-clang | 3.0 | 1.83 | 17.75 | 19.58 | NOTE | |
r-devel-linux-x86_64-debian-gcc | 3.0 | 1.63 | 14.83 | 16.46 | NOTE | |
r-devel-linux-x86_64-fedora-clang | 3.0 | 31.15 | OK | |||
r-devel-linux-x86_64-fedora-gcc | 3.0 | 29.64 | OK | |||
r-devel-windows-x86_64 | 3.0 | 4.00 | 37.00 | 41.00 | OK | |
r-patched-linux-x86_64 | 3.0 | 1.81 | 17.28 | 19.09 | OK | |
r-release-linux-x86_64 | 3.0 | 1.94 | 17.27 | 19.21 | OK | |
r-release-macos-arm64 | 3.0 | 16.00 | OK | |||
r-release-macos-x86_64 | 3.0 | 27.00 | OK | |||
r-release-windows-x86_64 | 3.0 | 3.00 | 39.00 | 42.00 | OK | |
r-oldrel-macos-arm64 | 3.0 | 15.00 | OK | |||
r-oldrel-macos-x86_64 | 3.0 | 19.00 | OK | |||
r-oldrel-windows-x86_64 | 3.0 | 2.00 | 37.00 | 39.00 | OK |
Version: 3.0
Check: CRAN incoming feasibility
Result: NOTE
Maintainer: ‘Chung-Hsing Chen <chchen@nhri.org.tw>’
No Authors@R field in DESCRIPTION.
Please add one, modifying
Authors@R: c(person(given = "Chung-Hsing",
family = "Chen",
role = c("aut", "cre"),
email = "chchen@nhri.org.tw"),
person(given = "I-Shou",
family = "Chang",
role = "aut"),
person(given = c("Chao", "A."),
family = "Hsiung",
role = "aut"))
as necessary.
Flavors: r-devel-linux-x86_64-debian-clang, r-devel-linux-x86_64-debian-gcc