Last updated on 2025-05-03 21:51:25 CEST.
Flavor | Version | Tinstall | Tcheck | Ttotal | Status | Flags |
---|---|---|---|---|---|---|
r-devel-linux-x86_64-debian-clang | 0.0.6 | 3.60 | 99.51 | 103.11 | NOTE | |
r-devel-linux-x86_64-debian-gcc | 0.0.6 | 2.46 | 77.85 | 80.31 | NOTE | |
r-devel-linux-x86_64-fedora-clang | 0.0.6 | 130.74 | NOTE | |||
r-devel-linux-x86_64-fedora-gcc | 0.0.6 | 141.20 | NOTE | |||
r-devel-windows-x86_64 | 0.0.6 | 4.00 | 81.00 | 85.00 | NOTE | |
r-patched-linux-x86_64 | 0.0.6 | 3.91 | 97.51 | 101.42 | NOTE | |
r-release-linux-x86_64 | NOTE | |||||
r-release-macos-arm64 | 0.0.6 | 45.00 | NOTE | |||
r-release-macos-x86_64 | 0.0.6 | 65.00 | NOTE | |||
r-release-windows-x86_64 | 0.0.6 | 4.00 | 79.00 | 83.00 | NOTE | |
r-oldrel-macos-arm64 | 0.0.6 | 35.00 | NOTE | |||
r-oldrel-macos-x86_64 | 0.0.6 | 56.00 | NOTE | |||
r-oldrel-windows-x86_64 | 0.0.6 | 5.00 | 91.00 | 96.00 | NOTE |
Version: 0.0.6
Check: CRAN incoming feasibility
Result: NOTE
Maintainer: ‘Minghui Wang <m.h.wang@live.com>’
No Authors@R field in DESCRIPTION.
Please add one, modifying
Authors@R: c(person(given = "Minghui",
family = "Wang",
role = c("aut", "cre"),
email = "m.h.wang@live.com"),
person(given = "Bin",
family = "Zhang",
role = "aut"))
as necessary.
Flavors: r-devel-linux-x86_64-debian-clang, r-devel-linux-x86_64-debian-gcc
Version: 0.0.6
Check: Rd files
Result: NOTE
checkRd: (-1) rc.plot.ideogram.Rd:20: Lost braces; missing escapes or markup?
20 | \item{las}{numeric in {0,1,2,3}; the style of chromosome labels. 0, always parallel to the track [default]; 1, always horizontal; 2, always perpendicular to the track; 3, always vertical.}
| ^
Flavors: r-devel-linux-x86_64-debian-clang, r-devel-linux-x86_64-debian-gcc, r-devel-linux-x86_64-fedora-clang, r-devel-linux-x86_64-fedora-gcc, r-devel-windows-x86_64, r-patched-linux-x86_64, r-release-linux-x86_64, r-release-macos-arm64, r-release-macos-x86_64, r-release-windows-x86_64, r-oldrel-macos-arm64, r-oldrel-macos-x86_64, r-oldrel-windows-x86_64