Last updated on 2025-05-03 21:51:25 CEST.
Flavor | Version | Tinstall | Tcheck | Ttotal | Status | Flags |
---|---|---|---|---|---|---|
r-devel-linux-x86_64-debian-clang | 0.8 | 22.95 | 154.97 | 177.92 | NOTE | --no-vignettes |
r-devel-linux-x86_64-debian-gcc | 0.8 | 15.53 | 107.29 | 122.82 | NOTE | --no-vignettes |
r-devel-linux-x86_64-fedora-clang | 0.8 | 266.21 | NOTE | |||
r-devel-linux-x86_64-fedora-gcc | 0.8 | 262.55 | NOTE | |||
r-devel-windows-x86_64 | 0.8 | 23.00 | 145.00 | 168.00 | NOTE | |
r-patched-linux-x86_64 | 0.8 | 20.76 | 143.35 | 164.11 | NOTE | --no-vignettes |
r-release-linux-x86_64 | NOTE | --no-vignettes | ||||
r-release-macos-arm64 | 0.8 | 71.00 | NOTE | |||
r-release-macos-x86_64 | 0.8 | 133.00 | NOTE | |||
r-release-windows-x86_64 | 0.8 | 23.00 | 145.00 | 168.00 | NOTE | |
r-oldrel-macos-arm64 | 0.8 | 68.00 | NOTE | |||
r-oldrel-macos-x86_64 | 0.8 | 100.00 | NOTE | |||
r-oldrel-windows-x86_64 | 0.8 | 29.00 | 183.00 | 212.00 | NOTE |
Version: 0.8
Flags: --no-vignettes
Check: CRAN incoming feasibility
Result: NOTE
Maintainer: ‘Jong Hee Park <jongheepark@snu.ac.kr>’
No Authors@R field in DESCRIPTION.
Please add one, modifying
Authors@R: c(person(given = c("Jong", "Hee"),
family = "Park",
role = c("aut", "cre"),
email = "jongheepark@snu.ac.kr"),
person(given = "Yunkyu",
family = "Sohn",
role = "aut"))
as necessary.
Flavors: r-devel-linux-x86_64-debian-clang, r-devel-linux-x86_64-debian-gcc
Version: 0.8
Flags: --no-vignettes
Check: Rd files
Result: NOTE
checkRd: (-1) NetworkChange.Rd:163: Escaped LaTeX specials: \&
checkRd: (-1) NetworkChangeRobust.Rd:144: Escaped LaTeX specials: \&
checkRd: (-1) NetworkStatic.Rd:142: Escaped LaTeX specials: \&
Flavors: r-devel-linux-x86_64-debian-clang, r-devel-linux-x86_64-debian-gcc, r-patched-linux-x86_64, r-release-linux-x86_64
Version: 0.8
Check: Rd files
Result: NOTE
checkRd: (-1) NetworkChange.Rd:163: Escaped LaTeX specials: \&
checkRd: (-1) NetworkChangeRobust.Rd:144: Escaped LaTeX specials: \&
checkRd: (-1) NetworkStatic.Rd:142: Escaped LaTeX specials: \&
Flavors: r-devel-linux-x86_64-fedora-clang, r-devel-linux-x86_64-fedora-gcc, r-devel-windows-x86_64, r-release-macos-arm64, r-release-macos-x86_64, r-release-windows-x86_64, r-oldrel-macos-arm64, r-oldrel-macos-x86_64, r-oldrel-windows-x86_64