Last updated on 2025-05-03 12:54:49 CEST.
Flavor | Version | Tinstall | Tcheck | Ttotal | Status | Flags |
---|---|---|---|---|---|---|
r-devel-linux-x86_64-debian-clang | 1.1.2 | 13.62 | 168.99 | 182.61 | NOTE | |
r-devel-linux-x86_64-debian-gcc | 1.1.2 | 10.76 | 113.55 | 124.31 | NOTE | |
r-devel-linux-x86_64-fedora-clang | 1.1.2 | 277.66 | NOTE | |||
r-devel-linux-x86_64-fedora-gcc | 1.1.2 | 286.76 | NOTE | |||
r-devel-windows-x86_64 | 1.1.2 | 16.00 | 185.00 | 201.00 | NOTE | |
r-patched-linux-x86_64 | 1.1.2 | 13.19 | 159.09 | 172.28 | NOTE | |
r-release-linux-x86_64 | NOTE | |||||
r-release-macos-arm64 | 1.1.2 | 83.00 | NOTE | |||
r-release-macos-x86_64 | 1.1.2 | 159.00 | NOTE | |||
r-release-windows-x86_64 | 1.1.2 | 15.00 | 182.00 | 197.00 | NOTE | |
r-oldrel-macos-arm64 | 1.1.2 | 83.00 | NOTE | |||
r-oldrel-macos-x86_64 | 1.1.2 | 127.00 | NOTE | |||
r-oldrel-windows-x86_64 | 1.1.2 | 20.00 | 239.00 | 259.00 | NOTE |
Version: 1.1.2
Check: Rd files
Result: NOTE
checkRd: (-1) plot.ODEmorris.Rd:62-63: Lost braces in \itemize; meant \describe ?
checkRd: (-1) plot.ODEmorris.Rd:64-65: Lost braces in \itemize; meant \describe ?
Flavors: r-devel-linux-x86_64-debian-clang, r-devel-linux-x86_64-debian-gcc, r-devel-linux-x86_64-fedora-clang, r-devel-linux-x86_64-fedora-gcc, r-devel-windows-x86_64, r-patched-linux-x86_64, r-release-linux-x86_64, r-release-macos-arm64, r-release-macos-x86_64, r-release-windows-x86_64, r-oldrel-macos-arm64, r-oldrel-macos-x86_64, r-oldrel-windows-x86_64
Version: 1.1.2
Check: Rd cross-references
Result: NOTE
Found the following Rd file(s) with Rd \link{} targets missing package
anchors:
ODEsensitivity.Rd: sensitivity
Please provide package anchors for all Rd \link{} targets not in the
package itself and the base packages.
Flavors: r-devel-linux-x86_64-debian-clang, r-devel-linux-x86_64-debian-gcc, r-devel-windows-x86_64, r-patched-linux-x86_64, r-release-linux-x86_64, r-release-windows-x86_64