CRAN Package Check Results for Package OPI

Last updated on 2025-05-03 21:51:26 CEST.

Flavor Version Tinstall Tcheck Ttotal Status Flags
r-devel-linux-x86_64-debian-clang 3.0.4 7.08 60.10 67.18 OK
r-devel-linux-x86_64-debian-gcc 3.0.4 3.72 43.32 47.04 OK
r-devel-linux-x86_64-fedora-clang 3.0.4 104.81 OK
r-devel-linux-x86_64-fedora-gcc 3.0.4 56.26 OK
r-devel-windows-x86_64 3.0.4 9.00 95.00 104.00 OK
r-patched-linux-x86_64 3.0.4 7.91 57.05 64.96 ERROR
r-release-linux-x86_64 OK
r-release-macos-arm64 3.0.4 50.00 OK
r-release-macos-x86_64 3.0.4 60.00 OK
r-release-windows-x86_64 3.0.4 10.00 96.00 106.00 OK
r-oldrel-macos-arm64 3.0.4 37.00 OK
r-oldrel-macos-x86_64 3.0.4 70.00 OK
r-oldrel-windows-x86_64 3.0.4 11.00 108.00 119.00 OK

Check Details

Version: 3.0.4
Check: tests
Result: ERROR Running ‘testthat.R’ [2s/2s] Running the tests in ‘tests/testthat.R’ failed. Complete output: > # This file is part of the standard setup for testthat. > # It is recommended that you do not modify it. > # > # Where should you do additional test configuration? > # Learn more about the roles of various files in: > # * https://r-pkgs.org/testing-design.html#sec-tests-files-overview > # * https://testthat.r-lib.org/articles/special-files.html > > library(testthat) > library(OPI) > > test_check("OPI") Defined constants ----------------- [ FAIL 1 | WARN 0 | SKIP 0 | PASS 83 ] ══ Failed tests ════════════════════════════════════════════════════════════════ ── Failure ('test-opiPresent.r:26:9'): Sims ──────────────────────────────────── SimHensonRT is not TRUE `actual`: FALSE `expected`: TRUE [ FAIL 1 | WARN 0 | SKIP 0 | PASS 83 ] Error: Test failures Execution halted Flavor: r-patched-linux-x86_64