Last updated on 2025-05-07 12:50:30 CEST.
Flavor | Version | Tinstall | Tcheck | Ttotal | Status | Flags |
---|---|---|---|---|---|---|
r-devel-linux-x86_64-debian-clang | 1.0.1 | 2.09 | 25.34 | 27.43 | NOTE | |
r-devel-linux-x86_64-debian-gcc | 1.0.1 | 1.66 | 19.30 | 20.96 | NOTE | |
r-devel-linux-x86_64-fedora-clang | 1.0.1 | 41.75 | OK | |||
r-devel-linux-x86_64-fedora-gcc | 1.0.1 | 40.12 | OK | |||
r-devel-windows-x86_64 | 1.0.1 | 3.00 | 46.00 | 49.00 | OK | |
r-patched-linux-x86_64 | 1.0.1 | 2.22 | 23.43 | 25.65 | OK | |
r-release-linux-x86_64 | 1.0.1 | 1.93 | 23.51 | 25.44 | OK | |
r-release-macos-arm64 | 1.0.1 | 18.00 | OK | |||
r-release-macos-x86_64 | 1.0.1 | 28.00 | OK | |||
r-release-windows-x86_64 | 1.0.1 | 3.00 | 48.00 | 51.00 | OK | |
r-oldrel-macos-arm64 | 1.0.1 | 17.00 | OK | |||
r-oldrel-macos-x86_64 | 1.0.1 | 22.00 | OK | |||
r-oldrel-windows-x86_64 | 1.0.1 | 3.00 | 51.00 | 54.00 | OK |
Version: 1.0.1
Check: CRAN incoming feasibility
Result: NOTE
Maintainer: ‘Zardad Khan <zardadkhan@awkum.edu.pk>’
No Authors@R field in DESCRIPTION.
Please add one, modifying
Authors@R: c(person(given = "Zardad",
family = "Khan",
role = c("aut", "cre"),
email = "zardadkhan@awkum.edu.pk"),
person(given = "Asma",
family = "Gul",
role = "aut"),
person(given = "Aris",
family = "Perperoglou",
role = "aut"),
person(given = "Osama",
family = "Mahmoud",
role = "aut"),
person(given = "Werner",
family = "Adler",
role = "aut"),
person(family = "Miftahuddin",
role = "aut"),
person(given = "Berthold",
family = "Lausen",
role = "aut"))
as necessary.
Flavors: r-devel-linux-x86_64-debian-clang, r-devel-linux-x86_64-debian-gcc