Last updated on 2025-05-03 21:51:25 CEST.
Flavor | Version | Tinstall | Tcheck | Ttotal | Status | Flags |
---|---|---|---|---|---|---|
r-devel-linux-x86_64-debian-clang | 1.0.7 | 10.53 | 91.59 | 102.12 | NOTE | |
r-devel-linux-x86_64-debian-gcc | 1.0.7 | 8.15 | 70.09 | 78.24 | NOTE | |
r-devel-linux-x86_64-fedora-clang | 1.0.7 | 168.54 | OK | |||
r-devel-linux-x86_64-fedora-gcc | 1.0.7 | 178.80 | OK | |||
r-devel-windows-x86_64 | 1.0.7 | 14.00 | 152.00 | 166.00 | NOTE | |
r-patched-linux-x86_64 | 1.0.7 | 10.85 | 91.03 | 101.88 | NOTE | |
r-release-linux-x86_64 | NOTE | |||||
r-release-macos-arm64 | 1.0.7 | 81.00 | OK | |||
r-release-macos-x86_64 | 1.0.7 | 122.00 | OK | |||
r-release-windows-x86_64 | 1.0.7 | 14.00 | 147.00 | 161.00 | NOTE | |
r-oldrel-macos-arm64 | 1.0.7 | 82.00 | OK | |||
r-oldrel-macos-x86_64 | 1.0.7 | 106.00 | OK | |||
r-oldrel-windows-x86_64 | 1.0.7 | 15.00 | 158.00 | 173.00 | OK |
Version: 1.0.7
Check: CRAN incoming feasibility
Result: NOTE
Maintainer: ‘Karline Soetaert <karline.soetaert@nioz.nl>’
No Authors@R field in DESCRIPTION.
Please add one, modifying
Authors@R: person(given = "Karline",
family = "Soetaert",
role = c("aut", "cre"),
email = "karline.soetaert@nioz.nl")
as necessary.
Flavors: r-devel-linux-x86_64-debian-clang, r-devel-linux-x86_64-debian-gcc
Version: 1.0.7
Check: Rd cross-references
Result: NOTE
Found the following Rd file(s) with Rd \link{} targets missing package
anchors:
Chesapeake.Rd: Oxsat
Sylt.Rd: image2D, ImageOcean, scatter2D, Oxsat
TempTraject.Rd: image2D, ImageOcean, scatter2D, Oxsat
WSnioz.Rd: image2D, ImageOcean, scatter2D, Oxsat
moviepersp.Rd: persp3Drgl, jet.col
movieslice.Rd: slice3Drgl, jet.col, slice3D
quiver.Rd: jet.col, colkey, contour2D, image2D, arrows2D, arrows3D,
Arrows
tracers2D.Rd: colkey, contour2D, image2D, scatter2D
tracers3D.Rd: points3Drgl, colkey, scatter3D
vectorplot.Rd: jet.col, colkey, Arrows
Please provide package anchors for all Rd \link{} targets not in the
package itself and the base packages.
Flavors: r-devel-linux-x86_64-debian-clang, r-devel-linux-x86_64-debian-gcc, r-devel-windows-x86_64, r-patched-linux-x86_64, r-release-linux-x86_64, r-release-windows-x86_64