Last updated on 2025-07-23 21:51:53 CEST.
Flavor | Version | Tinstall | Tcheck | Ttotal | Status | Flags |
---|---|---|---|---|---|---|
r-devel-linux-x86_64-debian-clang | 1.0.2 | 13.47 | 87.10 | 100.57 | NOTE | |
r-devel-linux-x86_64-debian-gcc | 1.0.2 | 10.75 | 68.20 | 78.95 | NOTE | |
r-devel-linux-x86_64-fedora-clang | 1.0.2 | 150.30 | NOTE | |||
r-devel-linux-x86_64-fedora-gcc | 1.0.2 | 143.82 | NOTE | |||
r-devel-windows-x86_64 | 1.0.2 | 14.00 | 86.00 | 100.00 | NOTE | |
r-patched-linux-x86_64 | 1.0.2 | 13.26 | 73.84 | 87.10 | NOTE | |
r-release-linux-x86_64 | 1.0.2 | 11.46 | 73.90 | 85.36 | NOTE | |
r-release-macos-arm64 | 1.0.2 | 45.00 | NOTE | |||
r-release-macos-x86_64 | 1.0.2 | 84.00 | NOTE | |||
r-release-windows-x86_64 | 1.0.2 | 15.00 | 88.00 | 103.00 | NOTE | |
r-oldrel-macos-arm64 | 1.0.2 | 52.00 | NOTE | |||
r-oldrel-macos-x86_64 | 1.0.2 | 89.00 | NOTE | |||
r-oldrel-windows-x86_64 | 1.0.2 | 19.00 | 104.00 | 123.00 | NOTE |
Version: 1.0.2
Check: DESCRIPTION meta-information
Result: NOTE
Missing dependency on R >= 4.1.0 because package code uses the pipe
|> or function shorthand \(...) syntax added in R 4.1.0.
File(s) using such syntax:
‘app_server.R’
Flavors: r-devel-linux-x86_64-debian-clang, r-devel-linux-x86_64-debian-gcc, r-devel-linux-x86_64-fedora-clang, r-devel-linux-x86_64-fedora-gcc, r-devel-windows-x86_64, r-patched-linux-x86_64, r-release-linux-x86_64, r-release-macos-arm64, r-release-macos-x86_64, r-release-windows-x86_64
Version: 1.0.2
Check: installed package size
Result: NOTE
installed size is 6.0Mb
sub-directories of 1Mb or more:
data 5.6Mb
Flavors: r-oldrel-macos-arm64, r-oldrel-macos-x86_64, r-oldrel-windows-x86_64