CRAN Package Check Results for Package Omisc

Last updated on 2025-07-24 12:51:32 CEST.

Flavor Version Tinstall Tcheck Ttotal Status Flags
r-devel-linux-x86_64-debian-clang 0.1.5 3.24 46.19 49.43 NOTE
r-devel-linux-x86_64-debian-gcc 0.1.5 2.37 34.63 37.00 NOTE
r-devel-linux-x86_64-fedora-clang 0.1.5 76.31 NOTE
r-devel-linux-x86_64-fedora-gcc 0.1.5 73.56 NOTE
r-devel-windows-x86_64 0.1.5 5.00 77.00 82.00 OK
r-patched-linux-x86_64 0.1.5 3.53 45.07 48.60 OK
r-release-linux-x86_64 0.1.5 2.62 43.69 46.31 OK
r-release-macos-arm64 0.1.5 29.00 OK
r-release-macos-x86_64 0.1.5 46.00 OK
r-release-windows-x86_64 0.1.5 4.00 75.00 79.00 OK
r-oldrel-macos-arm64 0.1.5 25.00 OK
r-oldrel-macos-x86_64 0.1.5 37.00 OK
r-oldrel-windows-x86_64 0.1.5 6.00 90.00 96.00 OK

Check Details

Version: 0.1.5
Check: CRAN incoming feasibility
Result: NOTE Maintainer: ‘Patrick O'Keefe <okeefep@ohsu.edu>’ No Authors@R field in DESCRIPTION. Please add one, modifying Authors@R: person(given = "Patrick", family = "O'Keefe", role = c("aut", "cre"), email = "okeefep@ohsu.edu") as necessary. Flavors: r-devel-linux-x86_64-debian-clang, r-devel-linux-x86_64-debian-gcc

Version: 0.1.5
Check: dependencies in R code
Result: NOTE Namespace in Imports field not imported from: ‘base’ All declared Imports should be used. Flavors: r-devel-linux-x86_64-fedora-clang, r-devel-linux-x86_64-fedora-gcc