Last updated on 2025-05-06 03:51:10 CEST.
Flavor | Version | Tinstall | Tcheck | Ttotal | Status | Flags |
---|---|---|---|---|---|---|
r-devel-linux-x86_64-debian-clang | 0.1.5 | 3.00 | 46.83 | 49.83 | NOTE | |
r-devel-linux-x86_64-debian-gcc | 0.1.5 | 2.13 | 33.09 | 35.22 | NOTE | |
r-devel-linux-x86_64-fedora-clang | 0.1.5 | 76.66 | NOTE | |||
r-devel-linux-x86_64-fedora-gcc | 0.1.5 | 77.12 | NOTE | |||
r-devel-windows-x86_64 | 0.1.5 | 5.00 | 73.00 | 78.00 | OK | |
r-patched-linux-x86_64 | 0.1.5 | 2.49 | 43.97 | 46.46 | OK | |
r-release-linux-x86_64 | 0.1.5 | 3.21 | 44.34 | 47.55 | OK | |
r-release-macos-arm64 | 0.1.5 | 29.00 | OK | |||
r-release-macos-x86_64 | 0.1.5 | 46.00 | OK | |||
r-release-windows-x86_64 | 0.1.5 | 4.00 | 76.00 | 80.00 | OK | |
r-oldrel-macos-arm64 | 0.1.5 | 25.00 | OK | |||
r-oldrel-macos-x86_64 | 0.1.5 | 37.00 | OK | |||
r-oldrel-windows-x86_64 | 0.1.5 | 5.00 | 87.00 | 92.00 | OK |
Version: 0.1.5
Check: CRAN incoming feasibility
Result: NOTE
Maintainer: ‘Patrick O'Keefe <okeefep@ohsu.edu>’
No Authors@R field in DESCRIPTION.
Please add one, modifying
Authors@R: person(given = "Patrick",
family = "O'Keefe",
role = c("aut", "cre"),
email = "okeefep@ohsu.edu")
as necessary.
Flavors: r-devel-linux-x86_64-debian-clang, r-devel-linux-x86_64-debian-gcc
Version: 0.1.5
Check: dependencies in R code
Result: NOTE
Namespace in Imports field not imported from: ‘base’
All declared Imports should be used.
Flavors: r-devel-linux-x86_64-fedora-clang, r-devel-linux-x86_64-fedora-gcc