Last updated on 2025-05-03 21:51:26 CEST.
Flavor | Version | Tinstall | Tcheck | Ttotal | Status | Flags |
---|---|---|---|---|---|---|
r-devel-linux-x86_64-debian-clang | 1.1 | 9.32 | 80.46 | 89.78 | NOTE | |
r-devel-linux-x86_64-debian-gcc | 1.1 | 7.09 | 56.05 | 63.14 | NOTE | |
r-devel-linux-x86_64-fedora-clang | 1.1 | 129.33 | OK | |||
r-devel-linux-x86_64-fedora-gcc | 1.1 | 133.99 | OK | |||
r-devel-windows-x86_64 | 1.1 | 11.00 | 90.00 | 101.00 | OK | |
r-patched-linux-x86_64 | 1.1 | 9.92 | 76.22 | 86.14 | OK | |
r-release-linux-x86_64 | OK | |||||
r-release-macos-arm64 | 1.1 | 41.00 | OK | |||
r-release-macos-x86_64 | 1.1 | 77.00 | OK | |||
r-release-windows-x86_64 | 1.1 | 11.00 | 89.00 | 100.00 | OK | |
r-oldrel-macos-arm64 | 1.1 | 40.00 | OK | |||
r-oldrel-macos-x86_64 | 1.1 | 54.00 | OK | |||
r-oldrel-windows-x86_64 | 1.1 | 15.00 | 109.00 | 124.00 | OK |
Version: 1.1
Check: CRAN incoming feasibility
Result: NOTE
Maintainer: ‘Adam Kapelner <kapelner@qc.cuny.edu>’
No Authors@R field in DESCRIPTION.
Please add one, modifying
Authors@R: c(person(given = "Adam",
family = "Kapelner",
role = c("aut", "cre"),
email = "kapelner@qc.cuny.edu"),
person(given = "Michael",
family = "Sklar",
role = "aut"),
person(given = c("Abba", "M."),
family = "Krieger",
role = "aut"),
person(given = "David",
family = "Azriel",
role = "aut"))
as necessary.
Package CITATION file contains call(s) to old-style personList() or
as.personList(). Please use c() on person objects instead.
Package CITATION file contains call(s) to old-style citEntry(). Please
use bibentry() instead.
The Description field contains
M. Krieger, Michael Sklar and David Azriel (2020) <arXiv:1905.03337>.
Please refer to arXiv e-prints via their arXiv DOI <doi:10.48550/arXiv.YYMM.NNNNN>.
Flavors: r-devel-linux-x86_64-debian-clang, r-devel-linux-x86_64-debian-gcc