Last updated on 2025-05-06 21:52:04 CEST.
Flavor | Version | Tinstall | Tcheck | Ttotal | Status | Flags |
---|---|---|---|---|---|---|
r-devel-linux-x86_64-debian-clang | 1.0.6 | 6.50 | 57.11 | 63.61 | NOTE | |
r-devel-linux-x86_64-debian-gcc | 1.0.6 | 5.09 | 42.29 | 47.38 | NOTE | |
r-devel-linux-x86_64-fedora-clang | 1.0.6 | 98.77 | NOTE | |||
r-devel-linux-x86_64-fedora-gcc | 1.0.6 | 93.79 | NOTE | |||
r-devel-windows-x86_64 | 1.0.6 | 8.00 | 69.00 | 77.00 | NOTE | |
r-patched-linux-x86_64 | 1.0.6 | 6.82 | 54.47 | 61.29 | NOTE | |
r-release-linux-x86_64 | 1.0.6 | 6.20 | 54.54 | 60.74 | NOTE | |
r-release-macos-arm64 | 1.0.6 | 37.00 | NOTE | |||
r-release-macos-x86_64 | 1.0.6 | 60.00 | NOTE | |||
r-release-windows-x86_64 | 1.0.6 | 8.00 | 71.00 | 79.00 | NOTE | |
r-oldrel-macos-arm64 | 1.0.6 | 32.00 | NOTE | |||
r-oldrel-macos-x86_64 | 1.0.6 | 49.00 | NOTE | |||
r-oldrel-windows-x86_64 | 1.0.6 | 10.00 | 89.00 | 99.00 | NOTE |
Version: 1.0.6
Check: CRAN incoming feasibility
Result: NOTE
Maintainer: ‘Kaspar Rufibach <kaspar.rufibach@gmail.com>’
No Authors@R field in DESCRIPTION.
Please add one, modifying
Authors@R: person(given = "Kaspar",
family = "Rufibach",
role = c("aut", "cre"),
email = "kaspar.rufibach@gmail.com")
as necessary.
Flavors: r-devel-linux-x86_64-debian-clang, r-devel-linux-x86_64-debian-gcc
Version: 1.0.6
Check: Rd files
Result: NOTE
checkRd: (-1) internal.Rd:26-27: Lost braces in \itemize; meant \describe ?
checkRd: (-1) internal.Rd:29-31: Lost braces in \itemize; meant \describe ?
checkRd: (-1) internal.Rd:33: Lost braces in \itemize; meant \describe ?
checkRd: (-1) internal.Rd:35: Lost braces in \itemize; meant \describe ?
checkRd: (-1) internal.Rd:37-38: Lost braces in \itemize; meant \describe ?
checkRd: (-1) internal.Rd:40-41: Lost braces in \itemize; meant \describe ?
checkRd: (-1) internal.Rd:43-44: Lost braces in \itemize; meant \describe ?
checkRd: (-1) internal.Rd:46: Lost braces in \itemize; meant \describe ?
checkRd: (-1) internal.Rd:48: Lost braces in \itemize; meant \describe ?
checkRd: (-1) internal.Rd:50: Lost braces in \itemize; meant \describe ?
checkRd: (-1) internal.Rd:52: Lost braces in \itemize; meant \describe ?
checkRd: (-1) internal.Rd:54: Lost braces in \itemize; meant \describe ?
checkRd: (-1) internal.Rd:56-57: Lost braces in \itemize; meant \describe ?
checkRd: (-1) internal.Rd:59-60: Lost braces in \itemize; meant \describe ?
checkRd: (-1) internal.Rd:62-63: Lost braces in \itemize; meant \describe ?
checkRd: (-1) internal.Rd:65-66: Lost braces in \itemize; meant \describe ?
checkRd: (-1) internal.Rd:68: Lost braces in \itemize; meant \describe ?
checkRd: (-1) internal.Rd:70: Lost braces in \itemize; meant \describe ?
Flavors: r-devel-linux-x86_64-debian-clang, r-devel-linux-x86_64-debian-gcc, r-devel-linux-x86_64-fedora-clang, r-devel-linux-x86_64-fedora-gcc, r-devel-windows-x86_64, r-patched-linux-x86_64, r-release-linux-x86_64, r-release-macos-arm64, r-release-macos-x86_64, r-release-windows-x86_64, r-oldrel-macos-arm64, r-oldrel-macos-x86_64, r-oldrel-windows-x86_64