Last updated on 2025-07-22 21:51:09 CEST.
Flavor | Version | Tinstall | Tcheck | Ttotal | Status | Flags |
---|---|---|---|---|---|---|
r-devel-linux-x86_64-debian-clang | 1.0 | 8.95 | 77.28 | 86.23 | NOTE | |
r-devel-linux-x86_64-debian-gcc | 1.0 | 6.12 | 56.11 | 62.23 | NOTE | |
r-devel-linux-x86_64-fedora-clang | 1.0 | 128.51 | OK | |||
r-devel-linux-x86_64-fedora-gcc | 1.0 | 124.07 | OK | |||
r-devel-windows-x86_64 | 1.0 | 9.00 | 89.00 | 98.00 | OK | |
r-patched-linux-x86_64 | 1.0 | 8.49 | 73.36 | 81.85 | OK | |
r-release-linux-x86_64 | 1.0 | 8.02 | 72.89 | 80.91 | OK | |
r-release-macos-arm64 | 1.0 | 40.00 | OK | |||
r-release-macos-x86_64 | 1.0 | 75.00 | OK | |||
r-release-windows-x86_64 | 1.0 | 11.00 | 88.00 | 99.00 | OK | |
r-oldrel-macos-arm64 | 1.0 | 41.00 | OK | |||
r-oldrel-macos-x86_64 | 1.0 | 56.00 | OK | |||
r-oldrel-windows-x86_64 | 1.0 | 11.00 | 111.00 | 122.00 | OK |
Version: 1.0
Check: CRAN incoming feasibility
Result: NOTE
Maintainer: ‘Przemyslaw Biecek <przemyslaw.biecek@gmail.com>’
No Authors@R field in DESCRIPTION.
Please add one, modifying
Authors@R: person(given = "Przemyslaw",
family = "Biecek",
role = c("aut", "cre"),
email = "przemyslaw.biecek@gmail.com")
as necessary.
Flavors: r-devel-linux-x86_64-debian-clang, r-devel-linux-x86_64-debian-gcc