Last updated on 2025-05-03 12:54:49 CEST.
Flavor | Version | Tinstall | Tcheck | Ttotal | Status | Flags |
---|---|---|---|---|---|---|
r-devel-linux-x86_64-debian-clang | 0.1.10 | 112.83 | 330.34 | 443.17 | OK | |
r-devel-linux-x86_64-debian-gcc | 0.1.10 | 99.29 | 207.23 | 306.52 | OK | |
r-devel-linux-x86_64-fedora-clang | 0.1.10 | 728.69 | OK | |||
r-devel-linux-x86_64-fedora-gcc | 0.1.10 | 812.87 | WARN | |||
r-devel-windows-x86_64 | 0.1.10 | 125.00 | 295.00 | 420.00 | OK | |
r-patched-linux-x86_64 | 0.1.10 | 135.23 | 309.10 | 444.33 | OK | |
r-release-linux-x86_64 | OK | |||||
r-release-macos-arm64 | 0.1.10 | 145.00 | OK | |||
r-release-macos-x86_64 | 0.1.10 | 328.00 | OK | |||
r-release-windows-x86_64 | 0.1.10 | 126.00 | 296.00 | 422.00 | OK | |
r-oldrel-macos-arm64 | 0.1.10 | 171.00 | NOTE | |||
r-oldrel-macos-x86_64 | 0.1.10 | 358.00 | NOTE | |||
r-oldrel-windows-x86_64 | 0.1.10 | 133.00 | 420.00 | 553.00 | OK |
Version: 0.1.10
Check: whether package can be installed
Result: WARN
Found the following significant warnings:
SPLITT.h:1769:7: warning: ignoring return value of 'constexpr __gnu_cxx::__normal_iterator<_Iterator, _Container>::reference __gnu_cxx::__normal_iterator<_Iterator, _Container>::operator*() const [with _Iterator = unsigned int*; _Container = std::vector<unsigned int>; reference = unsigned int&]', declared with attribute 'nodiscard' [-Wunused-result]
See ‘/data/gannet/ripley/R/packages/tests-devel/PCMBaseCpp.Rcheck/00install.out’ for details.
* used C++ compiler: ‘g++-15 (GCC) 15.1.0’
Flavor: r-devel-linux-x86_64-fedora-gcc
Version: 0.1.10
Check: installed package size
Result: NOTE
installed size is 35.6Mb
sub-directories of 1Mb or more:
libs 34.5Mb
Flavors: r-oldrel-macos-arm64, r-oldrel-macos-x86_64