Last updated on 2025-05-03 12:54:49 CEST.
Flavor | Version | Tinstall | Tcheck | Ttotal | Status | Flags |
---|---|---|---|---|---|---|
r-devel-linux-x86_64-debian-clang | 1.2.0 | 13.34 | 134.96 | 148.30 | NOTE | |
r-devel-linux-x86_64-debian-gcc | 1.2.0 | 8.81 | 90.91 | 99.72 | NOTE | |
r-devel-linux-x86_64-fedora-clang | 1.2.0 | 223.96 | NOTE | |||
r-devel-linux-x86_64-fedora-gcc | 1.2.0 | 225.23 | NOTE | |||
r-devel-windows-x86_64 | 1.2.0 | 14.00 | 147.00 | 161.00 | NOTE | |
r-patched-linux-x86_64 | 1.2.0 | 13.07 | 126.74 | 139.81 | NOTE | |
r-release-linux-x86_64 | NOTE | |||||
r-release-macos-arm64 | 1.2.0 | 60.00 | NOTE | |||
r-release-macos-x86_64 | 1.2.0 | 121.00 | NOTE | |||
r-release-windows-x86_64 | 1.2.0 | 13.00 | 145.00 | 158.00 | NOTE | |
r-oldrel-macos-arm64 | 1.2.0 | 58.00 | NOTE | |||
r-oldrel-macos-x86_64 | 1.2.0 | 92.00 | NOTE | |||
r-oldrel-windows-x86_64 | 1.2.0 | 19.00 | 187.00 | 206.00 | NOTE |
Version: 1.2.0
Check: Rd files
Result: NOTE
checkRd: (-1) embedded.blocks.Rd:39: Lost braces
39 | \item{miv.threshold}{MIV (marginal information value) entrance threshold applicable only for code{"stepMIV"} method.
| ^
checkRd: (-1) embedded.blocks.Rd:44: Lost braces
44 | \item{m.ch.p.val}{Significance level of p-value for marginal chi-square test applicable only for code{"stepMIV"} method.
| ^
checkRd: (-1) ensemble.blocks.Rd:39: Lost braces
39 | \item{miv.threshold}{MIV (marginal information value) entrance threshold applicable only for code{"stepMIV"} method.
| ^
checkRd: (-1) ensemble.blocks.Rd:44: Lost braces
44 | \item{m.ch.p.val}{Significance level of p-value for marginal chi-square test applicable only for code{"stepMIV"} method.
| ^
checkRd: (-1) staged.blocks.Rd:39: Lost braces
39 | \item{miv.threshold}{MIV (marginal information value) entrance threshold applicable only for code{"stepMIV"} method.
| ^
checkRd: (-1) staged.blocks.Rd:44: Lost braces
44 | \item{m.ch.p.val}{Significance level of p-value for marginal chi-square test applicable only for code{"stepMIV"} method.
| ^
Flavors: r-devel-linux-x86_64-debian-clang, r-devel-linux-x86_64-debian-gcc, r-devel-linux-x86_64-fedora-clang, r-devel-linux-x86_64-fedora-gcc, r-devel-windows-x86_64, r-patched-linux-x86_64, r-release-linux-x86_64, r-release-macos-arm64, r-release-macos-x86_64, r-release-windows-x86_64, r-oldrel-macos-arm64, r-oldrel-macos-x86_64, r-oldrel-windows-x86_64