CRAN Package Check Results for Package POCRE

Last updated on 2025-07-24 12:51:33 CEST.

Flavor Version Tinstall Tcheck Ttotal Status Flags
r-devel-linux-x86_64-debian-clang 0.6.0 6.02 63.56 69.58 NOTE
r-devel-linux-x86_64-debian-gcc 0.6.0 4.06 45.79 49.85 NOTE
r-devel-linux-x86_64-fedora-clang 0.6.0 108.19 OK
r-devel-linux-x86_64-fedora-gcc 0.6.0 100.99 OK
r-devel-windows-x86_64 0.6.0 9.00 81.00 90.00 OK
r-patched-linux-x86_64 0.6.0 6.36 59.66 66.02 OK
r-release-linux-x86_64 0.6.0 6.30 60.43 66.73 OK
r-release-macos-arm64 0.6.0 33.00 OK
r-release-macos-x86_64 0.6.0 56.00 OK
r-release-windows-x86_64 0.6.0 9.00 82.00 91.00 OK
r-oldrel-macos-arm64 0.6.0 31.00 OK
r-oldrel-macos-x86_64 0.6.0 46.00 OK
r-oldrel-windows-x86_64 0.6.0 10.00 98.00 108.00 OK

Check Details

Version: 0.6.0
Check: CRAN incoming feasibility
Result: NOTE Maintainer: ‘Dabao Zhang <zhangdb@purdue.edu>’ No Authors@R field in DESCRIPTION. Please add one, modifying Authors@R: c(person(given = "Dabao", family = "Zhang", role = c("aut", "cre"), email = "zhangdb@purdue.edu"), person(given = "Zhongli", family = "Jiang", role = "aut"), person(given = "Zeyu", family = "Zhang", role = "aut"), person(given = "Yu-ting", family = "Chen", role = "aut")) as necessary. Flavors: r-devel-linux-x86_64-debian-clang, r-devel-linux-x86_64-debian-gcc