Last updated on 2025-05-03 21:51:27 CEST.
Flavor | Version | Tinstall | Tcheck | Ttotal | Status | Flags |
---|---|---|---|---|---|---|
r-devel-linux-x86_64-debian-clang | 0.6.0 | 5.88 | 63.07 | 68.95 | NOTE | |
r-devel-linux-x86_64-debian-gcc | 0.6.0 | 4.20 | 45.17 | 49.37 | NOTE | |
r-devel-linux-x86_64-fedora-clang | 0.6.0 | 97.68 | OK | |||
r-devel-linux-x86_64-fedora-gcc | 0.6.0 | 102.11 | OK | |||
r-devel-windows-x86_64 | 0.6.0 | 8.00 | 81.00 | 89.00 | OK | |
r-patched-linux-x86_64 | 0.6.0 | 6.86 | 60.89 | 67.75 | OK | |
r-release-linux-x86_64 | OK | |||||
r-release-macos-arm64 | 0.6.0 | 33.00 | OK | |||
r-release-macos-x86_64 | 0.6.0 | 56.00 | OK | |||
r-release-windows-x86_64 | 0.6.0 | 8.00 | 79.00 | 87.00 | OK | |
r-oldrel-macos-arm64 | 0.6.0 | 31.00 | OK | |||
r-oldrel-macos-x86_64 | 0.6.0 | 46.00 | OK | |||
r-oldrel-windows-x86_64 | 0.6.0 | 10.00 | 99.00 | 109.00 | OK |
Version: 0.6.0
Check: CRAN incoming feasibility
Result: NOTE
Maintainer: ‘Dabao Zhang <zhangdb@purdue.edu>’
No Authors@R field in DESCRIPTION.
Please add one, modifying
Authors@R: c(person(given = "Dabao",
family = "Zhang",
role = c("aut", "cre"),
email = "zhangdb@purdue.edu"),
person(given = "Zhongli",
family = "Jiang",
role = "aut"),
person(given = "Zeyu",
family = "Zhang",
role = "aut"),
person(given = "Yu-ting",
family = "Chen",
role = "aut"))
as necessary.
Flavors: r-devel-linux-x86_64-debian-clang, r-devel-linux-x86_64-debian-gcc