Last updated on 2025-05-03 21:51:27 CEST.
Flavor | Version | Tinstall | Tcheck | Ttotal | Status | Flags |
---|---|---|---|---|---|---|
r-devel-linux-x86_64-debian-clang | 2.1.7 | 31.80 | 194.43 | 226.23 | NOTE | |
r-devel-linux-x86_64-debian-gcc | 2.1.7 | 26.31 | 131.88 | 158.19 | NOTE | |
r-devel-linux-x86_64-fedora-clang | 2.1.7 | 335.06 | NOTE | |||
r-devel-linux-x86_64-fedora-gcc | 2.1.7 | 377.48 | WARN | |||
r-devel-windows-x86_64 | 2.1.7 | 39.00 | 202.00 | 241.00 | NOTE | |
r-patched-linux-x86_64 | 2.1.7 | 38.13 | 179.57 | 217.70 | NOTE | |
r-release-linux-x86_64 | NOTE | |||||
r-release-macos-arm64 | 2.1.7 | 95.00 | NOTE | |||
r-release-macos-x86_64 | 2.1.7 | 183.00 | NOTE | |||
r-release-windows-x86_64 | 2.1.7 | 38.00 | 192.00 | 230.00 | NOTE | |
r-oldrel-macos-arm64 | 2.1.7 | 94.00 | NOTE | |||
r-oldrel-macos-x86_64 | 2.1.7 | 148.00 | NOTE | |||
r-oldrel-windows-x86_64 | 2.1.7 | 46.00 | 253.00 | 299.00 | NOTE |
Version: 2.1.7
Check: CRAN incoming feasibility
Result: NOTE
Maintainer: ‘Venelin Mitov <vmitov@gmail.com>’
Package CITATION file contains call(s) to old-style personList() or
as.personList(). Please use c() on person objects instead.
Package CITATION file contains call(s) to old-style citEntry(). Please
use bibentry() instead.
Flavors: r-devel-linux-x86_64-debian-clang, r-devel-linux-x86_64-debian-gcc
Version: 2.1.7
Check: C++ specification
Result: NOTE
Specified C++11: please drop specification unless essential
Flavors: r-devel-linux-x86_64-debian-clang, r-devel-linux-x86_64-debian-gcc, r-devel-linux-x86_64-fedora-clang, r-devel-linux-x86_64-fedora-gcc, r-devel-windows-x86_64, r-patched-linux-x86_64, r-release-linux-x86_64, r-release-macos-arm64, r-release-macos-x86_64, r-release-windows-x86_64, r-oldrel-macos-arm64, r-oldrel-macos-x86_64, r-oldrel-windows-x86_64
Version: 2.1.7
Check: Rd files
Result: NOTE
checkRd: (-1) summary.POUMM.Rd:28: Lost braces; missing escapes or markup?
28 | \item{stats}{a named list of functions of the form function(par) { number },
| ^
Flavors: r-devel-linux-x86_64-debian-clang, r-devel-linux-x86_64-debian-gcc, r-devel-linux-x86_64-fedora-clang, r-devel-linux-x86_64-fedora-gcc, r-devel-windows-x86_64, r-patched-linux-x86_64, r-release-linux-x86_64, r-release-macos-arm64, r-release-macos-x86_64, r-release-windows-x86_64, r-oldrel-macos-arm64, r-oldrel-macos-x86_64, r-oldrel-windows-x86_64
Version: 2.1.7
Check: whether package can be installed
Result: WARN
Found the following significant warnings:
./SPLITT.h:1730:7: warning: ignoring return value of 'constexpr __gnu_cxx::__normal_iterator<_Iterator, _Container>::reference __gnu_cxx::__normal_iterator<_Iterator, _Container>::operator*() const [with _Iterator = unsigned int*; _Container = std::vector<unsigned int>; reference = unsigned int&]', declared with attribute 'nodiscard' [-Wunused-result]
See ‘/data/gannet/ripley/R/packages/tests-devel/POUMM.Rcheck/00install.out’ for details.
* used C++ compiler: ‘g++-15 (GCC) 15.1.0’
Flavor: r-devel-linux-x86_64-fedora-gcc
Version: 2.1.7
Check: installed package size
Result: NOTE
installed size is 7.2Mb
sub-directories of 1Mb or more:
libs 6.5Mb
Flavors: r-oldrel-macos-arm64, r-oldrel-macos-x86_64