Last updated on 2024-06-17 06:50:27 CEST.
Flavor | Version | Tinstall | Tcheck | Ttotal | Status | Flags |
---|---|---|---|---|---|---|
r-devel-linux-x86_64-debian-clang | 1.0 | 58.17 | 28.80 | 86.97 | NOTE | |
r-devel-linux-x86_64-debian-gcc | 1.0 | 42.48 | 21.74 | 64.22 | NOTE | |
r-devel-linux-x86_64-fedora-clang | 1.0 | 133.43 | NOTE | |||
r-devel-linux-x86_64-fedora-gcc | 1.0 | 130.85 | NOTE | |||
r-devel-windows-x86_64 | 1.0 | 48.00 | 64.00 | 112.00 | NOTE | |
r-patched-linux-x86_64 | 1.0 | 51.55 | 27.21 | 78.76 | NOTE | |
r-release-linux-x86_64 | 1.0 | 54.39 | 27.48 | 81.87 | NOTE | |
r-release-macos-arm64 | 1.0 | 32.00 | NOTE | |||
r-release-macos-x86_64 | 1.0 | 52.00 | NOTE | |||
r-release-windows-x86_64 | 1.0 | 46.00 | 65.00 | 111.00 | NOTE | |
r-oldrel-macos-arm64 | 1.0 | 33.00 | NOTE | |||
r-oldrel-macos-x86_64 | 1.0 | 56.00 | NOTE | |||
r-oldrel-windows-x86_64 | 1.0 | 57.00 | 75.00 | 132.00 | NOTE |
Version: 1.0
Check: C++ specification
Result: NOTE
Specified C++11: please drop specification unless essential
Flavors: r-devel-linux-x86_64-debian-clang, r-devel-linux-x86_64-debian-gcc, r-devel-linux-x86_64-fedora-clang, r-devel-linux-x86_64-fedora-gcc, r-devel-windows-x86_64, r-patched-linux-x86_64, r-release-linux-x86_64, r-release-macos-arm64, r-release-macos-x86_64, r-release-windows-x86_64, r-oldrel-macos-arm64, r-oldrel-macos-x86_64, r-oldrel-windows-x86_64