Last updated on 2025-05-06 06:50:03 CEST.
Flavor | Version | Tinstall | Tcheck | Ttotal | Status | Flags |
---|---|---|---|---|---|---|
r-devel-linux-x86_64-debian-clang | 0.3.8 | 132.59 | 26.47 | 159.06 | NOTE | |
r-devel-linux-x86_64-debian-gcc | 0.3.8 | 93.42 | 21.54 | 114.96 | NOTE | |
r-devel-linux-x86_64-fedora-clang | 0.3.8 | 338.59 | NOTE | |||
r-devel-linux-x86_64-fedora-gcc | 0.3.8 | 341.32 | NOTE | |||
r-devel-windows-x86_64 | 0.3.8 | 137.00 | 72.00 | 209.00 | NOTE | |
r-patched-linux-x86_64 | 0.3.8 | 133.91 | 25.68 | 159.59 | NOTE | |
r-release-linux-x86_64 | 0.3.8 | 134.05 | 25.56 | 159.61 | NOTE | |
r-release-macos-arm64 | 0.3.8 | 62.00 | NOTE | |||
r-release-macos-x86_64 | 0.3.8 | 76.00 | NOTE | |||
r-release-windows-x86_64 | 0.3.8 | 138.00 | 75.00 | 213.00 | NOTE | |
r-oldrel-macos-arm64 | 0.3.8 | 75.00 | NOTE | |||
r-oldrel-macos-x86_64 | 0.3.8 | 79.00 | NOTE | |||
r-oldrel-windows-x86_64 | 0.3.8 | 140.00 | 84.00 | 224.00 | NOTE |
Version: 0.3.8
Check: C++ specification
Result: NOTE
Specified C++11: please drop specification unless essential
Flavors: r-devel-linux-x86_64-debian-clang, r-devel-linux-x86_64-debian-gcc, r-devel-linux-x86_64-fedora-clang, r-devel-linux-x86_64-fedora-gcc, r-devel-windows-x86_64, r-patched-linux-x86_64, r-release-linux-x86_64, r-release-macos-arm64, r-release-macos-x86_64, r-release-windows-x86_64, r-oldrel-macos-arm64, r-oldrel-macos-x86_64, r-oldrel-windows-x86_64
Version: 0.3.8
Check: installed package size
Result: NOTE
installed size is 8.9Mb
sub-directories of 1Mb or more:
libs 8.0Mb
Flavors: r-oldrel-macos-arm64, r-oldrel-macos-x86_64