Last updated on 2024-06-16 11:58:03 CEST.
Flavor | Version | Tinstall | Tcheck | Ttotal | Status | Flags |
---|---|---|---|---|---|---|
r-devel-linux-x86_64-debian-clang | 0.3.8 | 283.70 | 33.45 | 317.15 | NOTE | |
r-devel-linux-x86_64-debian-gcc | 0.3.8 | 183.93 | 25.36 | 209.29 | NOTE | |
r-devel-linux-x86_64-fedora-clang | 0.3.8 | 537.50 | NOTE | |||
r-devel-linux-x86_64-fedora-gcc | 0.3.8 | 458.30 | NOTE | |||
r-devel-windows-x86_64 | 0.3.8 | 191.00 | 71.00 | 262.00 | NOTE | |
r-patched-linux-x86_64 | 0.3.8 | 222.31 | 31.73 | 254.04 | NOTE | |
r-release-linux-x86_64 | 0.3.8 | 224.33 | 32.12 | 256.45 | NOTE | |
r-release-macos-arm64 | 0.3.8 | 75.00 | NOTE | |||
r-release-macos-x86_64 | 0.3.8 | 79.00 | NOTE | |||
r-release-windows-x86_64 | 0.3.8 | 187.00 | 72.00 | 259.00 | NOTE | |
r-oldrel-macos-arm64 | 0.3.8 | 94.00 | NOTE | |||
r-oldrel-macos-x86_64 | 0.3.8 | 178.00 | NOTE | |||
r-oldrel-windows-x86_64 | 0.3.8 | 179.00 | 85.00 | 264.00 | NOTE |
Version: 0.3.8
Check: C++ specification
Result: NOTE
Specified C++11: please drop specification unless essential
Flavors: r-devel-linux-x86_64-debian-clang, r-devel-linux-x86_64-debian-gcc, r-devel-linux-x86_64-fedora-clang, r-devel-linux-x86_64-fedora-gcc, r-devel-windows-x86_64, r-patched-linux-x86_64, r-release-linux-x86_64, r-release-macos-arm64, r-release-macos-x86_64, r-release-windows-x86_64, r-oldrel-macos-arm64, r-oldrel-macos-x86_64, r-oldrel-windows-x86_64
Version: 0.3.8
Check: installed package size
Result: NOTE
installed size is 8.9Mb
sub-directories of 1Mb or more:
libs 8.0Mb
Flavors: r-release-macos-arm64, r-release-macos-x86_64, r-oldrel-macos-arm64, r-oldrel-macos-x86_64