CRAN Package Check Results for Package PRDA

Last updated on 2025-05-03 12:54:50 CEST.

Flavor Version Tinstall Tcheck Ttotal Status Flags
r-devel-linux-x86_64-debian-clang 1.0.0 22.68 170.35 193.03 NOTE
r-devel-linux-x86_64-debian-gcc 1.0.0 16.27 123.47 139.74 NOTE
r-devel-linux-x86_64-fedora-clang 1.0.0 335.44 NOTE
r-devel-linux-x86_64-fedora-gcc 1.0.0 337.27 NOTE
r-devel-windows-x86_64 1.0.0 30.00 228.00 258.00 NOTE
r-patched-linux-x86_64 1.0.0 22.81 160.75 183.56 NOTE
r-release-linux-x86_64 NOTE
r-release-macos-arm64 1.0.0 141.00 NOTE
r-release-macos-x86_64 1.0.0 300.00 NOTE
r-release-windows-x86_64 1.0.0 29.00 225.00 254.00 NOTE
r-oldrel-macos-arm64 1.0.0 117.00 NOTE
r-oldrel-macos-x86_64 1.0.0 201.00 NOTE
r-oldrel-windows-x86_64 1.0.0 34.00 283.00 317.00 NOTE

Check Details

Version: 1.0.0
Check: CRAN incoming feasibility
Result: NOTE Maintainer: ‘Claudio Zandonella Callegher <claudiozandonella@gmail.com>’ Package CITATION file contains call(s) to old-style personList() or as.personList(). Please use c() on person objects instead. Found the following URLs which should use \doi (with the DOI name only): File ‘PRDA.Rd’: https://doi.org/10.3389/fpsyg.2019.02893 https://doi.org/10.1177/1745691614551642 File ‘prospective.Rd’: https://doi.org/10.3389/fpsyg.2019.02893 https://doi.org/10.1177/1745691614551642 File ‘retrospective.Rd’: https://doi.org/10.3389/fpsyg.2019.02893 https://doi.org/10.1177/1745691614551642 Flavors: r-devel-linux-x86_64-debian-clang, r-devel-linux-x86_64-debian-gcc

Version: 1.0.0
Check: C++ specification
Result: NOTE Specified C++11: please drop specification unless essential Flavors: r-devel-linux-x86_64-debian-clang, r-devel-linux-x86_64-debian-gcc, r-devel-linux-x86_64-fedora-clang, r-devel-linux-x86_64-fedora-gcc, r-devel-windows-x86_64, r-patched-linux-x86_64, r-release-linux-x86_64, r-release-macos-arm64, r-release-macos-x86_64, r-release-windows-x86_64, r-oldrel-macos-arm64, r-oldrel-macos-x86_64, r-oldrel-windows-x86_64

Version: 1.0.0
Check: Rd files
Result: NOTE checkRd: (-1) PRDA.Rd:8: Lost braces; missing escapes or markup? 8 | Given an hypothetical value of effect size, {PRDA} performs a prospective | ^ checkRd: (-1) PRDA.Rd:22: Lost braces; missing escapes or markup? 22 | In {PRDA} there are two main functions: | ^ checkRd: (-1) PRDA.Rd:51: Lost braces; missing escapes or markup? 51 | Alternatively, {PRDA} allows users to specify a distribution of plausible | ^ Flavors: r-devel-linux-x86_64-debian-clang, r-devel-linux-x86_64-debian-gcc, r-devel-linux-x86_64-fedora-clang, r-devel-linux-x86_64-fedora-gcc, r-devel-windows-x86_64, r-patched-linux-x86_64, r-release-linux-x86_64, r-release-macos-arm64, r-release-macos-x86_64, r-release-windows-x86_64, r-oldrel-macos-arm64, r-oldrel-macos-x86_64, r-oldrel-windows-x86_64

Version: 1.0.0
Check: LazyData
Result: NOTE 'LazyData' is specified without a 'data' directory Flavors: r-oldrel-macos-arm64, r-oldrel-macos-x86_64, r-oldrel-windows-x86_64