Last updated on 2024-06-17 06:50:27 CEST.
Flavor | Version | Tinstall | Tcheck | Ttotal | Status | Flags |
---|---|---|---|---|---|---|
r-devel-linux-x86_64-debian-clang | 3.2-6 | 127.31 | 37.21 | 164.52 | OK | |
r-devel-linux-x86_64-debian-gcc | 3.2-6 | 112.94 | 29.05 | 141.99 | OK | |
r-devel-linux-x86_64-fedora-clang | 3.2-6 | 261.20 | NOTE | |||
r-devel-linux-x86_64-fedora-gcc | 3.2-6 | 303.88 | NOTE | |||
r-devel-windows-x86_64 | 3.2-6 | 124.00 | 71.00 | 195.00 | OK | |
r-patched-linux-x86_64 | 3.2-6 | 133.36 | 36.89 | 170.25 | OK | |
r-release-linux-x86_64 | 3.2-6 | 136.83 | 37.20 | 174.03 | OK | |
r-release-macos-arm64 | 3.2-6 | 56.00 | NOTE | |||
r-release-macos-x86_64 | 3.2-6 | 54.00 | NOTE | |||
r-release-windows-x86_64 | 3.2-6 | 124.00 | 73.00 | 197.00 | OK | |
r-oldrel-macos-arm64 | 3.2-6 | 58.00 | NOTE | |||
r-oldrel-macos-x86_64 | 3.2-6 | 64.00 | NOTE | |||
r-oldrel-windows-x86_64 | 3.2-6 | 122.00 | 85.00 | 207.00 | OK |
Version: 3.2-6
Check: dependencies in R code
Result: NOTE
Namespace in Imports field not imported from: ‘Matrix’
All declared Imports should be used.
Flavors: r-devel-linux-x86_64-fedora-clang, r-devel-linux-x86_64-fedora-gcc
Version: 3.2-6
Check: installed package size
Result: NOTE
installed size is 7.0Mb
sub-directories of 1Mb or more:
libs 6.8Mb
Flavors: r-release-macos-arm64, r-release-macos-x86_64, r-oldrel-macos-arm64, r-oldrel-macos-x86_64