Last updated on 2025-05-04 03:51:02 CEST.
Flavor | Version | Tinstall | Tcheck | Ttotal | Status | Flags |
---|---|---|---|---|---|---|
r-devel-linux-x86_64-debian-clang | 1.3 | 8.27 | 70.85 | 79.12 | NOTE | |
r-devel-linux-x86_64-debian-gcc | 1.3 | 6.19 | 50.59 | 56.78 | NOTE | |
r-devel-linux-x86_64-fedora-clang | 1.3 | 119.27 | OK | |||
r-devel-linux-x86_64-fedora-gcc | 1.3 | 117.72 | OK | |||
r-devel-windows-x86_64 | 1.3 | 10.00 | 83.00 | 93.00 | NOTE | |
r-patched-linux-x86_64 | 1.3 | 8.20 | 66.66 | 74.86 | NOTE | |
r-release-linux-x86_64 | NOTE | |||||
r-release-macos-arm64 | 1.3 | 36.00 | OK | |||
r-release-macos-x86_64 | 1.3 | 67.00 | OK | |||
r-release-windows-x86_64 | 1.3 | 9.00 | 89.00 | 98.00 | NOTE | |
r-oldrel-macos-arm64 | 1.3 | 37.00 | OK | |||
r-oldrel-macos-x86_64 | 1.3 | 62.00 | OK | |||
r-oldrel-windows-x86_64 | 1.3 | 12.00 | 101.00 | 113.00 | OK |
Version: 1.3
Check: CRAN incoming feasibility
Result: NOTE
Maintainer: ‘Josu Najera-Zuloaga <josu.najera@ehu.eus>’
No Authors@R field in DESCRIPTION.
Please add one, modifying
Authors@R: c(person(given = "Josu",
family = "Najera-Zuloaga",
role = c("aut", "cre"),
email = "josu.najera@ehu.eus"),
person(given = "Dae-Jin",
family = "Lee",
role = "aut",
email = "Dae-Jin.Lee@ie.edu"),
person(given = "Inmaculada",
family = "Arostegui",
role = "aut",
email = "inmaculada.arostegui@ehu.eus"))
as necessary.
Flavors: r-devel-linux-x86_64-debian-clang, r-devel-linux-x86_64-debian-gcc
Version: 1.3
Check: Rd cross-references
Result: NOTE
Found the following Rd file(s) with Rd \link{} targets missing package
anchors:
BBmm.Rd: multiroot
HRQoLplot.Rd: radarchart
summary.BBmm.Rd: multiroot
Please provide package anchors for all Rd \link{} targets not in the
package itself and the base packages.
Flavors: r-devel-linux-x86_64-debian-clang, r-devel-linux-x86_64-debian-gcc, r-devel-windows-x86_64, r-patched-linux-x86_64, r-release-linux-x86_64, r-release-windows-x86_64