Last updated on 2025-07-27 03:50:15 CEST.
Flavor | Version | Tinstall | Tcheck | Ttotal | Status | Flags |
---|---|---|---|---|---|---|
r-devel-linux-x86_64-debian-clang | 0.0.1 | 2.67 | 333.26 | 335.93 | NOTE | |
r-devel-linux-x86_64-debian-gcc | 0.0.1 | 1.93 | 174.34 | 176.27 | NOTE | |
r-devel-linux-x86_64-fedora-clang | 0.0.1 | 541.42 | NOTE | |||
r-devel-linux-x86_64-fedora-gcc | 0.0.1 | 530.86 | NOTE | |||
r-devel-windows-x86_64 | 0.0.1 | 4.00 | 246.00 | 250.00 | NOTE | |
r-patched-linux-x86_64 | 0.0.1 | 2.98 | 296.74 | 299.72 | NOTE | |
r-release-linux-x86_64 | 0.0.1 | 2.59 | 299.12 | 301.71 | NOTE | |
r-release-macos-arm64 | 0.0.1 | 137.00 | NOTE | |||
r-release-macos-x86_64 | 0.0.1 | 340.00 | NOTE | |||
r-release-windows-x86_64 | 0.0.1 | 5.00 | 241.00 | 246.00 | NOTE | |
r-oldrel-macos-arm64 | 0.0.1 | 131.00 | NOTE | |||
r-oldrel-macos-x86_64 | 0.0.1 | 272.00 | NOTE | |||
r-oldrel-windows-x86_64 | 0.0.1 | 4.00 | 344.00 | 348.00 | NOTE |
Version: 0.0.1
Check: Rd files
Result: NOTE
checkRd: (-1) table1.Rd:14: Lost braces
14 | The first data set from {Sulewski, P. (2017) \emph{A new test for independence in 2x2 contingency tables,} Acta Universitatis Lodziensis. Folia Oeconomica, 4(330), 55–75}
| ^
checkRd: (-1) table3.Rd:14: Lost braces
14 | The third data set from {Sulewski, P. (2021). \emph{Logarithmic Minimum Test for Independence in Three Way Con-tingency Table of Small Sizes.} Journal of Statistical Computation and Simulation 91(13), 2780-2799}
| ^
Flavors: r-devel-linux-x86_64-debian-clang, r-devel-linux-x86_64-debian-gcc, r-devel-linux-x86_64-fedora-clang, r-devel-linux-x86_64-fedora-gcc, r-devel-windows-x86_64, r-patched-linux-x86_64, r-release-linux-x86_64, r-release-macos-arm64, r-release-macos-x86_64, r-release-windows-x86_64, r-oldrel-macos-arm64, r-oldrel-macos-x86_64, r-oldrel-windows-x86_64