Last updated on 2025-05-03 12:54:49 CEST.
Flavor | Version | Tinstall | Tcheck | Ttotal | Status | Flags |
---|---|---|---|---|---|---|
r-devel-linux-x86_64-debian-clang | 2.0.1 | 21.60 | 104.90 | 126.50 | NOTE | |
r-devel-linux-x86_64-debian-gcc | 2.0.1 | 13.98 | 74.10 | 88.08 | NOTE | |
r-devel-linux-x86_64-fedora-clang | 2.0.1 | 215.02 | OK | |||
r-devel-linux-x86_64-fedora-gcc | 2.0.1 | 231.11 | OK | |||
r-devel-windows-x86_64 | 2.0.1 | 26.00 | 213.00 | 239.00 | OK | |
r-patched-linux-x86_64 | 2.0.1 | 19.37 | 101.22 | 120.59 | OK | |
r-release-linux-x86_64 | OK | |||||
r-release-macos-arm64 | 2.0.1 | 77.00 | OK | |||
r-release-macos-x86_64 | 2.0.1 | 139.00 | OK | |||
r-release-windows-x86_64 | 2.0.1 | 28.00 | 206.00 | 234.00 | OK | |
r-oldrel-macos-arm64 | 2.0.1 | 70.00 | OK | |||
r-oldrel-macos-x86_64 | 2.0.1 | 99.00 | OK | |||
r-oldrel-windows-x86_64 | 2.0.1 | 32.00 | 245.00 | 277.00 | OK |
Version: 2.0.1
Check: CRAN incoming feasibility
Result: NOTE
Maintainer: ‘Jing Peng <jing.peng@uconn.edu>’
No Authors@R field in DESCRIPTION.
Please add one, modifying
Authors@R: person(given = "Jing",
family = "Peng",
role = c("aut", "cre"),
email = "jing.peng@uconn.edu")
as necessary.
Flavors: r-devel-linux-x86_64-debian-clang, r-devel-linux-x86_64-debian-gcc