Last updated on 2025-10-07 12:49:32 CEST.
Flavor | Version | Tinstall | Tcheck | Ttotal | Status | Flags |
---|---|---|---|---|---|---|
r-devel-linux-x86_64-debian-clang | 0.1 | 15.99 | 146.25 | 162.24 | OK | |
r-devel-linux-x86_64-debian-gcc | 0.1 | 11.14 | 105.38 | 116.52 | OK | |
r-devel-linux-x86_64-fedora-clang | 0.1 | 256.47 | NOTE | |||
r-devel-linux-x86_64-fedora-gcc | 0.1 | 250.44 | NOTE | |||
r-devel-windows-x86_64 | 0.1 | 17.00 | 142.00 | 159.00 | OK | |
r-patched-linux-x86_64 | 0.1 | 14.36 | 138.53 | 152.89 | OK | |
r-release-linux-x86_64 | 0.1 | 14.48 | 139.65 | 154.13 | OK | |
r-release-macos-arm64 | 0.1 | 129.00 | OK | |||
r-release-macos-x86_64 | 0.1 | 132.00 | OK | |||
r-release-windows-x86_64 | 0.1 | 17.00 | 140.00 | 157.00 | OK | |
r-oldrel-macos-arm64 | 0.1 | 65.00 | OK | |||
r-oldrel-macos-x86_64 | 0.1 | 89.00 | OK | |||
r-oldrel-windows-x86_64 | 0.1 | 23.00 | 182.00 | 205.00 | OK |
Version: 0.1
Check: dependencies in R code
Result: NOTE
Namespaces in Imports field not imported from:
‘ComplexHeatmap’ ‘mathjaxr’
All declared Imports should be used.
Flavors: r-devel-linux-x86_64-fedora-clang, r-devel-linux-x86_64-fedora-gcc