Last updated on 2024-06-17 06:50:26 CEST.
Flavor | Version | Tinstall | Tcheck | Ttotal | Status | Flags |
---|---|---|---|---|---|---|
r-devel-linux-x86_64-debian-clang | 1.7.0 | 63.48 | 528.08 | 591.56 | OK | |
r-devel-linux-x86_64-debian-gcc | 1.7.0 | 45.33 | 368.47 | 413.80 | OK | |
r-devel-linux-x86_64-fedora-clang | 1.7.0 | 740.91 | OK | |||
r-devel-linux-x86_64-fedora-gcc | 1.7.0 | 717.00 | OK | |||
r-devel-windows-x86_64 | 1.7.0 | 51.00 | 368.00 | 419.00 | OK | |
r-patched-linux-x86_64 | 1.7.0 | 62.54 | 497.82 | 560.36 | OK | |
r-release-linux-x86_64 | 1.7.0 | 56.36 | 490.74 | 547.10 | OK | |
r-release-macos-arm64 | 1.7.0 | 167.00 | NOTE | |||
r-release-macos-x86_64 | 1.7.0 | 274.00 | NOTE | |||
r-release-windows-x86_64 | 1.7.0 | 50.00 | 367.00 | 417.00 | OK | |
r-oldrel-macos-arm64 | 1.7.0 | 179.00 | NOTE | |||
r-oldrel-macos-x86_64 | 1.7.0 | 424.00 | NOTE | |||
r-oldrel-windows-x86_64 | 1.7.0 | 61.00 | 508.00 | 569.00 | OK |
Version: 1.7.0
Check: installed package size
Result: NOTE
installed size is 5.1Mb
sub-directories of 1Mb or more:
libs 3.5Mb
Flavors: r-release-macos-arm64, r-release-macos-x86_64, r-oldrel-macos-arm64, r-oldrel-macos-x86_64