Last updated on 2025-05-03 21:51:27 CEST.
Flavor | Version | Tinstall | Tcheck | Ttotal | Status | Flags |
---|---|---|---|---|---|---|
r-devel-linux-x86_64-debian-clang | 1.1 | 4.13 | 32.90 | 37.03 | NOTE | |
r-devel-linux-x86_64-debian-gcc | 1.1 | 3.17 | 24.61 | 27.78 | NOTE | |
r-devel-linux-x86_64-fedora-clang | 1.1 | 56.45 | OK | |||
r-devel-linux-x86_64-fedora-gcc | 1.1 | 54.84 | OK | |||
r-devel-windows-x86_64 | 1.1 | 6.00 | 50.00 | 56.00 | OK | |
r-patched-linux-x86_64 | 1.1 | 4.15 | 30.96 | 35.11 | OK | |
r-release-linux-x86_64 | OK | |||||
r-release-macos-arm64 | 1.1 | 26.00 | OK | |||
r-release-macos-x86_64 | 1.1 | 37.00 | OK | |||
r-release-windows-x86_64 | 1.1 | 6.00 | 50.00 | 56.00 | OK | |
r-oldrel-macos-arm64 | 1.1 | 21.00 | OK | |||
r-oldrel-macos-x86_64 | 1.1 | 30.00 | OK | |||
r-oldrel-windows-x86_64 | 1.1 | 6.00 | 57.00 | 63.00 | OK |
Version: 1.1
Check: CRAN incoming feasibility
Result: NOTE
Maintainer: ‘J. Dustin Tracy <tracy@chapman.edu>’
No Authors@R field in DESCRIPTION.
Please add one, modifying
Authors@R: c(person(given = c("J.", "Dustin"),
family = "Tracy",
role = c("aut", "cre"),
email = "tracy@chapman.edu"),
person(given = "Zhiyi",
family = "Xu",
role = "aut"),
person(given = "Sari",
family = "Acra",
role = "aut"),
person(given = c("Kong", "Y."),
family = "Chen",
role = "aut"),
person(given = c("Maciej", "S."),
family = "Buchowski",
role = "aut"),
person(given = "Thomas",
family = "Donnelly",
role = "aut"))
as necessary.
Flavors: r-devel-linux-x86_64-debian-clang, r-devel-linux-x86_64-debian-gcc