Last updated on 2025-05-06 06:50:03 CEST.
Flavor | Version | Tinstall | Tcheck | Ttotal | Status | Flags |
---|---|---|---|---|---|---|
r-devel-linux-x86_64-debian-clang | 1.0.4 | 19.06 | 22.21 | 41.27 | NOTE | |
r-devel-linux-x86_64-debian-gcc | 1.0.4 | 14.05 | 18.15 | 32.20 | NOTE | |
r-devel-linux-x86_64-fedora-clang | 1.0.4 | 78.98 | OK | |||
r-devel-linux-x86_64-fedora-gcc | 1.0.4 | 75.66 | OK | |||
r-devel-windows-x86_64 | 1.0.4 | 25.00 | 61.00 | 86.00 | OK | |
r-patched-linux-x86_64 | 1.0.4 | 16.49 | 21.67 | 38.16 | OK | |
r-release-linux-x86_64 | 1.0.4 | 19.16 | 21.41 | 40.57 | OK | |
r-release-macos-arm64 | 1.0.4 | 27.00 | OK | |||
r-release-macos-x86_64 | 1.0.4 | 48.00 | OK | |||
r-release-windows-x86_64 | 1.0.4 | 26.00 | 60.00 | 86.00 | OK | |
r-oldrel-macos-arm64 | 1.0.4 | 25.00 | NOTE | |||
r-oldrel-macos-x86_64 | 1.0.4 | 41.00 | NOTE | |||
r-oldrel-windows-x86_64 | 1.0.4 | 28.00 | 72.00 | 100.00 | NOTE |
Version: 1.0.4
Check: CRAN incoming feasibility
Result: NOTE
Maintainer: ‘Andrew G. Chapple <agc6@rice.edu>’
No Authors@R field in DESCRIPTION.
Please add one, modifying
Authors@R: person(given = c("Andrew", "G."),
family = "Chapple",
role = c("aut", "cre"),
email = "agc6@rice.edu")
as necessary.
Flavors: r-devel-linux-x86_64-debian-clang, r-devel-linux-x86_64-debian-gcc
Version: 1.0.4
Check: LazyData
Result: NOTE
'LazyData' is specified without a 'data' directory
Flavors: r-oldrel-macos-arm64, r-oldrel-macos-x86_64, r-oldrel-windows-x86_64