Last updated on 2025-05-03 12:54:50 CEST.
Flavor | Version | Tinstall | Tcheck | Ttotal | Status | Flags |
---|---|---|---|---|---|---|
r-devel-linux-x86_64-debian-clang | 2.1.4 | 2.36 | 32.98 | 35.34 | NOTE | |
r-devel-linux-x86_64-debian-gcc | 2.1.4 | 1.79 | 25.35 | 27.14 | NOTE | |
r-devel-linux-x86_64-fedora-clang | 2.1.4 | 55.74 | NOTE | |||
r-devel-linux-x86_64-fedora-gcc | 2.1.4 | 69.01 | NOTE | |||
r-devel-windows-x86_64 | 2.1.4 | 3.00 | 59.00 | 62.00 | NOTE | |
r-patched-linux-x86_64 | 2.1.4 | 2.62 | 31.63 | 34.25 | NOTE | |
r-release-linux-x86_64 | NOTE | |||||
r-release-macos-arm64 | 2.1.4 | 32.00 | NOTE | |||
r-release-macos-x86_64 | 2.1.4 | 47.00 | NOTE | |||
r-release-windows-x86_64 | 2.1.4 | 3.00 | 57.00 | 60.00 | NOTE | |
r-oldrel-macos-arm64 | 2.1.4 | 32.00 | NOTE | |||
r-oldrel-macos-x86_64 | 2.1.4 | 38.00 | NOTE | |||
r-oldrel-windows-x86_64 | 2.1.4 | 4.00 | 64.00 | 68.00 | NOTE |
Version: 2.1.4
Check: Rd files
Result: NOTE
checkRd: (-1) one_design.Rd:125-126: Lost braces
125 | function serves for the purpose of spot-testing for any pre-specified {n,
| ^
Flavors: r-devel-linux-x86_64-debian-clang, r-devel-linux-x86_64-debian-gcc, r-devel-linux-x86_64-fedora-clang, r-devel-linux-x86_64-fedora-gcc, r-devel-windows-x86_64, r-patched-linux-x86_64, r-release-linux-x86_64, r-release-macos-arm64, r-release-macos-x86_64, r-release-windows-x86_64, r-oldrel-macos-arm64, r-oldrel-macos-x86_64, r-oldrel-windows-x86_64