Last updated on 2025-05-07 12:50:31 CEST.
Flavor | Version | Tinstall | Tcheck | Ttotal | Status | Flags |
---|---|---|---|---|---|---|
r-devel-linux-x86_64-debian-clang | 1.4.3 | 7.28 | 54.88 | 62.16 | NOTE | |
r-devel-linux-x86_64-debian-gcc | 1.4.3 | 4.44 | 40.27 | 44.71 | NOTE | |
r-devel-linux-x86_64-fedora-clang | 1.4.3 | 94.35 | OK | |||
r-devel-linux-x86_64-fedora-gcc | 1.4.3 | 90.96 | OK | |||
r-devel-windows-x86_64 | 1.4.3 | 8.00 | 68.00 | 76.00 | OK | |
r-patched-linux-x86_64 | 1.4.3 | 6.63 | 52.68 | 59.31 | OK | |
r-release-linux-x86_64 | 1.4.3 | 6.59 | 51.53 | 58.12 | OK | |
r-release-macos-arm64 | 1.4.3 | 32.00 | OK | |||
r-release-macos-x86_64 | 1.4.3 | 58.00 | OK | |||
r-release-windows-x86_64 | 1.4.3 | 8.00 | 70.00 | 78.00 | OK | |
r-oldrel-macos-arm64 | 1.4.3 | 28.00 | OK | |||
r-oldrel-macos-x86_64 | 1.4.3 | 43.00 | OK | |||
r-oldrel-windows-x86_64 | 1.4.3 | 10.00 | 77.00 | 87.00 | OK |
Version: 1.4.3
Check: CRAN incoming feasibility
Result: NOTE
Maintainer: ‘Ran Gao <rgao8@uic.edu>’
No Authors@R field in DESCRIPTION.
Please add one, modifying
Authors@R: c(person(given = "Gul",
family = "Inan",
role = "aut"),
person(given = "Hakan",
family = "Demirtas",
role = "aut"),
person(given = "Ran",
family = "Gao",
role = c("aut", "cre"),
email = "rgao8@uic.edu"))
as necessary.
Flavors: r-devel-linux-x86_64-debian-clang, r-devel-linux-x86_64-debian-gcc