CRAN Package Check Results for Package PrInDT

Last updated on 2025-07-23 12:54:18 CEST.

Flavor Version Tinstall Tcheck Ttotal Status Flags
r-devel-linux-x86_64-debian-clang 1.0.1 10.26 123.09 133.35 NOTE
r-devel-linux-x86_64-debian-gcc 2.0.0 10.54 144.15 154.69 OK
r-devel-linux-x86_64-fedora-clang 2.0.0 372.21 OK
r-devel-linux-x86_64-fedora-gcc 2.0.0 356.03 OK
r-devel-windows-x86_64 2.0.0 21.00 202.00 223.00 OK
r-patched-linux-x86_64 1.0.1 9.56 110.15 119.71 NOTE
r-release-linux-x86_64 1.0.1 8.83 107.70 116.53 NOTE
r-release-macos-arm64 1.0.1 51.00 NOTE
r-release-macos-x86_64 2.0.0 198.00 OK
r-release-windows-x86_64 2.0.0 20.00 194.00 214.00 OK
r-oldrel-macos-arm64 1.0.1 52.00 NOTE
r-oldrel-macos-x86_64 2.0.0 181.00 OK
r-oldrel-windows-x86_64 2.0.0 24.00 255.00 279.00 OK

Check Details

Version: 1.0.1
Check: CRAN incoming feasibility
Result: NOTE Maintainer: ‘Claus Weihs <claus.weihs@tu-dortmund.de>’ The Description field contains <arXiv:2103.02336>; -- Weihs, C., Buschfeld, S. (2021b) "NesPrInDT: Nested undersampling in PrInDT" <arXiv:2103.14931>; -- Weihs, C., ensembles" <arXiv:2108.05129>. Please refer to arXiv e-prints via their arXiv DOI <doi:10.48550/arXiv.YYMM.NNNNN>. Flavor: r-devel-linux-x86_64-debian-clang

Version: 1.0.1
Check: Rd files
Result: NOTE checkRd: (-1) NesPrInDT.Rd:17: Lost braces 17 | {see function \code{\link{PrInDT}} for details.}\cr | ^ checkRd: (-1) PrInDTAll.Rd:16: Lost braces 16 | {see function \code{\link{PrInDT}} for details.}\cr | ^ checkRd: (-1) PrInDTAllparts.Rd:17: Lost braces 17 | {see function \code{\link{PrInDT}} for details.}\cr | ^ checkRd: (-1) PrInDTMulab.Rd:17: Lost braces 17 | {see function \code{\link{PrInDT}} for details.}\cr | ^ checkRd: (-1) PrInDTMulabAll.Rd:17: Lost braces 17 | {see function \code{\link{PrInDT}} for details.}\cr | ^ checkRd: (-1) PrInDTMulev.Rd:16: Lost braces 16 | {see function \code{\link{PrInDT}} for details.}\cr | ^ checkRd: (-1) PrInDTMulevAll.Rd:16: Lost braces 16 | {see function \code{\link{PrInDT}} for details.}\cr | ^ checkRd: (-1) PrInDTreg.Rd:16: Lost braces 16 | {see function \code{\link{PrInDT}} for details.}\cr | ^ checkRd: (-1) PrInDTregAll.Rd:16: Lost braces 16 | {see function \code{\link{PrInDT}} for details.}\cr | ^ checkRd: (-1) RePrInDT.Rd:17: Lost braces 17 | {see function \code{\link{PrInDT}} for details.}\cr | ^ Flavors: r-devel-linux-x86_64-debian-clang, r-patched-linux-x86_64, r-release-linux-x86_64, r-release-macos-arm64, r-oldrel-macos-arm64