Last updated on 2025-05-07 03:51:10 CEST.
Flavor | Version | Tinstall | Tcheck | Ttotal | Status | Flags |
---|---|---|---|---|---|---|
r-devel-linux-x86_64-debian-clang | 1.2-4 | 9.58 | 80.24 | 89.82 | NOTE | |
r-devel-linux-x86_64-debian-gcc | 1.2-4 | 6.63 | 58.85 | 65.48 | NOTE | |
r-devel-linux-x86_64-fedora-clang | 1.2-4 | 129.75 | NOTE | |||
r-devel-linux-x86_64-fedora-gcc | 1.2-4 | 132.03 | NOTE | |||
r-devel-windows-x86_64 | 1.2-4 | 10.00 | 91.00 | 101.00 | OK | |
r-patched-linux-x86_64 | 1.2-4 | 9.79 | 76.67 | 86.46 | OK | |
r-release-linux-x86_64 | 1.2-4 | 7.83 | 74.87 | 82.70 | OK | |
r-release-macos-arm64 | 1.2-4 | 56.00 | OK | |||
r-release-macos-x86_64 | 1.2-4 | 85.00 | OK | |||
r-release-windows-x86_64 | 1.2-4 | 10.00 | 92.00 | 102.00 | OK | |
r-oldrel-macos-arm64 | 1.2-4 | 51.00 | OK | |||
r-oldrel-macos-x86_64 | 1.2-4 | 60.00 | OK | |||
r-oldrel-windows-x86_64 | 1.2-4 | 13.00 | 108.00 | 121.00 | OK |
Version: 1.2-4
Check: CRAN incoming feasibility
Result: NOTE
Maintainer: ‘Suman Kundu <suman_math@yahoo.com>’
No Authors@R field in DESCRIPTION.
Please add one, modifying
Authors@R: c(person(given = "Suman",
family = "Kundu",
role = c("aut", "cre"),
email = "suman_math@yahoo.com"),
person(given = c("Yurii", "S."),
family = "Aulchenko",
role = "aut"),
person(given = c("A.", "Cecile", "J.W."),
family = "Janssens",
role = "aut"))
as necessary.
Flavors: r-devel-linux-x86_64-debian-clang, r-devel-linux-x86_64-debian-gcc
Version: 1.2-4
Check: dependencies in R code
Result: NOTE
Namespace in Imports field not imported from: ‘lazyeval’
All declared Imports should be used.
Flavors: r-devel-linux-x86_64-fedora-clang, r-devel-linux-x86_64-fedora-gcc