Last updated on 2025-05-03 12:54:51 CEST.
Flavor | Version | Tinstall | Tcheck | Ttotal | Status | Flags |
---|---|---|---|---|---|---|
r-devel-linux-x86_64-debian-clang | 0.2.1 | 6.49 | 56.67 | 63.16 | NOTE | |
r-devel-linux-x86_64-debian-gcc | 0.2.1 | 5.28 | 42.39 | 47.67 | NOTE | |
r-devel-linux-x86_64-fedora-clang | 0.2.1 | 111.54 | OK | |||
r-devel-linux-x86_64-fedora-gcc | 0.2.1 | 114.35 | OK | |||
r-devel-windows-x86_64 | 0.2.1 | 9.00 | 74.00 | 83.00 | NOTE | |
r-patched-linux-x86_64 | 0.2.1 | 7.67 | 53.80 | 61.47 | NOTE | |
r-release-linux-x86_64 | NOTE | |||||
r-release-macos-arm64 | 0.2.1 | 46.00 | OK | |||
r-release-macos-x86_64 | 0.2.1 | 83.00 | OK | |||
r-release-windows-x86_64 | 0.2.1 | 9.00 | 73.00 | 82.00 | NOTE | |
r-oldrel-macos-arm64 | 0.2.1 | 38.00 | NOTE | |||
r-oldrel-macos-x86_64 | 0.2.1 | 66.00 | NOTE | |||
r-oldrel-windows-x86_64 | 0.2.1 | 13.00 | 93.00 | 106.00 | NOTE |
Version: 0.2.1
Check: CRAN incoming feasibility
Result: NOTE
Maintainer: ‘Florian Hartig <florian.hartig@biologie.uni-regensburg.de>’
Package CITATION file contains call(s) to old-style citEntry(). Please
use bibentry() instead.
Flavors: r-devel-linux-x86_64-debian-clang, r-devel-linux-x86_64-debian-gcc
Version: 0.2.1
Check: Rd cross-references
Result: NOTE
Found the following Rd file(s) with Rd \link{} targets missing package
anchors:
plotData.Rd: zoo
Please provide package anchors for all Rd \link{} targets not in the
package itself and the base packages.
Flavors: r-devel-linux-x86_64-debian-clang, r-devel-linux-x86_64-debian-gcc, r-devel-windows-x86_64, r-patched-linux-x86_64, r-release-linux-x86_64, r-release-windows-x86_64
Version: 0.2.1
Check: LazyData
Result: NOTE
'LazyData' is specified without a 'data' directory
Flavors: r-oldrel-macos-arm64, r-oldrel-macos-x86_64, r-oldrel-windows-x86_64