Last updated on 2025-05-07 12:50:32 CEST.
Flavor | Version | Tinstall | Tcheck | Ttotal | Status | Flags |
---|---|---|---|---|---|---|
r-devel-linux-x86_64-debian-clang | 1.4-7 | 8.60 | 20.56 | 29.16 | NOTE | |
r-devel-linux-x86_64-debian-gcc | 1.4-7 | 5.96 | 17.24 | 23.20 | NOTE | |
r-devel-linux-x86_64-fedora-clang | 1.4-7 | 47.10 | OK | |||
r-devel-linux-x86_64-fedora-gcc | 1.4-7 | 50.80 | OK | |||
r-devel-windows-x86_64 | 1.4-7 | 12.00 | 45.00 | 57.00 | OK | |
r-patched-linux-x86_64 | 1.4-7 | 8.75 | 19.80 | 28.55 | OK | |
r-release-linux-x86_64 | 1.4-7 | 8.55 | 19.73 | 28.28 | OK | |
r-release-macos-arm64 | 1.4-7 | 21.00 | OK | |||
r-release-macos-x86_64 | 1.4-7 | 32.00 | OK | |||
r-release-windows-x86_64 | 1.4-7 | 11.00 | 46.00 | 57.00 | OK | |
r-oldrel-macos-arm64 | 1.4-7 | 19.00 | OK | |||
r-oldrel-macos-x86_64 | 1.4-7 | 26.00 | OK | |||
r-oldrel-windows-x86_64 | 1.4-7 | 10.00 | 46.00 | 56.00 | OK |
Version: 1.4-7
Check: CRAN incoming feasibility
Result: NOTE
Maintainer: ‘Peter Langfelder <Peter.Langfelder@gmail.com>’
No Authors@R field in DESCRIPTION.
Please add one, modifying
Authors@R: c(person(given = c("John", "Michael", "O"),
family = "Ranola",
role = "aut"),
person(given = "Kenneth",
family = "Lange",
role = "aut"),
person(given = "Steve",
family = "Horvath",
role = "aut"),
person(given = "Peter",
family = "Langfelder",
role = c("aut", "cre"),
email = "peter.langfelder@gmail.com"))
as necessary.
Flavors: r-devel-linux-x86_64-debian-clang, r-devel-linux-x86_64-debian-gcc