CRAN Package Check Results for Package PubMedWordcloud

Last updated on 2025-05-03 21:51:28 CEST.

Flavor Version Tinstall Tcheck Ttotal Status Flags
r-devel-linux-x86_64-debian-clang 0.3.6 4.92 41.22 46.14 NOTE
r-devel-linux-x86_64-debian-gcc 0.3.6 4.02 30.76 34.78 NOTE
r-devel-linux-x86_64-fedora-clang 0.3.6 72.98 NOTE
r-devel-linux-x86_64-fedora-gcc 0.3.6 69.23 NOTE
r-devel-windows-x86_64 0.3.6 6.00 58.00 64.00 NOTE
r-patched-linux-x86_64 0.3.6 4.42 39.05 43.47 NOTE
r-release-linux-x86_64 NOTE
r-release-macos-arm64 0.3.6 31.00 NOTE
r-release-macos-x86_64 0.3.6 47.00 NOTE
r-release-windows-x86_64 0.3.6 8.00 56.00 64.00 NOTE
r-oldrel-macos-arm64 0.3.6 23.00 NOTE
r-oldrel-macos-x86_64 0.3.6 35.00 NOTE
r-oldrel-windows-x86_64 0.3.6 7.00 65.00 72.00 NOTE

Check Details

Version: 0.3.6
Check: CRAN incoming feasibility
Result: NOTE Maintainer: ‘Felix Yanhui Fan <nolanfyh@gmail.com>’ No Authors@R field in DESCRIPTION. Please add one, modifying Authors@R: person(given = c("Felix", "Yanhui"), family = "Fan", role = c("aut", "cre"), email = "nolanfyh@gmail.com") as necessary. Flavors: r-devel-linux-x86_64-debian-clang, r-devel-linux-x86_64-debian-gcc

Version: 0.3.6
Check: Rd files
Result: NOTE checkRd: (-1) plotWordCloud.Rd:5: Lost braces; missing escapes or markup? 5 | \title{PubMed wordcloud using function 'wordcloud' of package {wordcloud}} | ^ checkRd: (-1) plotWordCloud.Rd:32: Lost braces; missing escapes or markup? 32 | This function just call 'wordcloud' from package {wordcloud}. See package {wordcloud} for more details about the parameters. | ^ checkRd: (-1) plotWordCloud.Rd:32: Lost braces; missing escapes or markup? 32 | This function just call 'wordcloud' from package {wordcloud}. See package {wordcloud} for more details about the parameters. | ^ Flavors: r-devel-linux-x86_64-debian-clang, r-devel-linux-x86_64-debian-gcc, r-devel-linux-x86_64-fedora-clang, r-devel-linux-x86_64-fedora-gcc, r-devel-windows-x86_64, r-patched-linux-x86_64, r-release-linux-x86_64, r-release-macos-arm64, r-release-macos-x86_64, r-release-windows-x86_64, r-oldrel-macos-arm64, r-oldrel-macos-x86_64, r-oldrel-windows-x86_64