Last updated on 2025-05-07 06:49:58 CEST.
Flavor | Version | Tinstall | Tcheck | Ttotal | Status | Flags |
---|---|---|---|---|---|---|
r-devel-linux-x86_64-debian-clang | 1.0-2 | 52.87 | 107.86 | 160.73 | OK | |
r-devel-linux-x86_64-debian-gcc | 1.0-2 | 43.02 | 77.28 | 120.30 | OK | |
r-devel-linux-x86_64-fedora-clang | 1.0-2 | 245.21 | OK | |||
r-devel-linux-x86_64-fedora-gcc | 1.0-2 | 245.23 | OK | |||
r-devel-windows-x86_64 | 1.0-2 | 52.00 | 117.00 | 169.00 | OK | |
r-patched-linux-x86_64 | 1.0-2 | 50.74 | 104.41 | 155.15 | OK | |
r-release-linux-x86_64 | 1.0-2 | 51.87 | 106.35 | 158.22 | OK | |
r-release-macos-arm64 | 1.0-2 | 93.00 | OK | |||
r-release-macos-x86_64 | 1.0-2 | 189.00 | OK | |||
r-release-windows-x86_64 | 1.0-2 | 51.00 | 119.00 | 170.00 | OK | |
r-oldrel-macos-arm64 | 1.0-2 | 86.00 | NOTE | |||
r-oldrel-macos-x86_64 | 1.0-2 | 160.00 | NOTE | |||
r-oldrel-windows-x86_64 | 1.0-2 | 46.00 | 118.00 | 164.00 | OK |
Version: 1.0-2
Check: installed package size
Result: NOTE
installed size is 5.4Mb
sub-directories of 1Mb or more:
R 5.2Mb
Flavors: r-oldrel-macos-arm64, r-oldrel-macos-x86_64