Last updated on 2025-05-03 21:51:28 CEST.
Flavor | Version | Tinstall | Tcheck | Ttotal | Status | Flags |
---|---|---|---|---|---|---|
r-devel-linux-x86_64-debian-clang | 2.1.1 | 28.19 | 97.86 | 126.05 | NOTE | |
r-devel-linux-x86_64-debian-gcc | 2.1.1 | 17.16 | 69.01 | 86.17 | NOTE | |
r-devel-linux-x86_64-fedora-clang | 2.1.1 | 200.19 | OK | |||
r-devel-linux-x86_64-fedora-gcc | 2.1.1 | 185.29 | OK | |||
r-devel-windows-x86_64 | 2.1.1 | 27.00 | 115.00 | 142.00 | OK | |
r-patched-linux-x86_64 | 2.1.1 | 25.42 | 91.84 | 117.26 | OK | |
r-release-linux-x86_64 | OK | |||||
r-release-macos-arm64 | 2.1.1 | 56.00 | OK | |||
r-release-macos-x86_64 | 2.1.1 | 187.00 | OK | |||
r-release-windows-x86_64 | 2.1.1 | 27.00 | 112.00 | 139.00 | OK | |
r-oldrel-macos-arm64 | 2.1.1 | 52.00 | OK | |||
r-oldrel-macos-x86_64 | 2.1.1 | 79.00 | OK | |||
r-oldrel-windows-x86_64 | 2.1.1 | 37.00 | 143.00 | 180.00 | OK |
Version: 2.1.1
Check: CRAN incoming feasibility
Result: NOTE
Maintainer: ‘Yuanming Zhang<soyzhang@mail.hzau.edu.cn>’
No Authors@R field in DESCRIPTION.
Please add one, modifying
Authors@R: c(person(given = "Zhang",
family = "Ya-Wen",
role = "aut"),
person(given = "Wen",
family = "Yang-Jun",
role = "aut"),
person(given = "Wang",
family = "Shi-Bo",
role = "aut"),
person(given = "Zhang",
family = "Yuan-Ming",
role = "aut"),
person(given = "Yuanming",
family = "Zhang",
role = "cre",
email = "soyzhang@mail.hzau.edu.cn"))
as necessary.
Flavors: r-devel-linux-x86_64-debian-clang, r-devel-linux-x86_64-debian-gcc